{"id":10288,"date":"2022-05-02T16:11:53","date_gmt":"2022-05-02T16:11:53","guid":{"rendered":"https:\/\/molalalana.es\/tienda\/producto\/ganchillo-clover-soft\/"},"modified":"2026-03-18T20:57:49","modified_gmt":"2026-03-18T18:57:49","slug":"ganchillo-clover-soft","status":"publish","type":"product","link":"https:\/\/molalalana.es\/tienda\/tienda\/ganchillo-clover-soft\/","title":{"rendered":"GANCHILLO CLOVER SOFT"},"content":{"rendered":"\n<p><strong>Agujas de ganchillo Soft Touch de Clover<\/strong>\u00a0con mango ergon\u00f3mico y tacto extra suave. Ofrecen una c\u00f3moda sujeci\u00f3n amold\u00e1ndose a tu mano para trabajar durante horas sin fatiga.<\/p>\n\n\n\n<p>La marca Clover ha dise\u00f1ado estos ganchillos para reducir el cansancio de las tejedoras amantes del crochet. Su forma te facilitar\u00e1 el trabajo de la labor y su peque\u00f1o peso hace que sean muy ligeras.<\/p>\n\n\n\n<p>En el centro del mango contiene una almohadilla para apoyar el dedo en ella, aport\u00e1ndote m\u00e1s comodidad.<\/p>\n\n\n\n<p>La punta permite realizar trabajos de calidad, su terminaci\u00f3n homog\u00e9nea de color dorado fabricado en metal es realmente suave y te permite trabajar las lanas e hilos con suavidad.<\/p>\n\n\n\n<p>Disponible en los grosores:<\/p>\n\n\n\n<ul class=\"wp-block-list\">\n<li>2,00 mm<\/li>\n\n\n\n<li>2,50 mm<\/li>\n\n\n\n<li>3,00 mm<\/li>\n\n\n\n<li>3,50 mm<\/li>\n\n\n\n<li>4,00 mm<\/li>\n\n\n\n<li>4,50 mm<\/li>\n\n\n\n<li>5,00 mm<\/li>\n\n\n\n<li>5,50 mm<\/li>\n\n\n\n<li>6,00 mm<\/li>\n<\/ul>\n\n\n\n<p>Son tan c\u00f3modos que no dejar\u00e1s de tejer, nisiquiera despu\u00e9s de una larga sesi\u00f3n de trabajo.<\/p>\n\n\n\n<p>\u00bfHas utilizado los&nbsp;<strong>ganchillos ergon\u00f3micos Clover Soft Touch<\/strong>? \u00a1Cu\u00e9ntanos tu experiencia!<\/p>\n","protected":false},"excerpt":{"rendered":"<p><strong>Ganchillo Clover Soft<\/strong> La forma ideal de cabeza para el tejido a crochet. Adaptados a los dedos y suave al tacto. Mango leve, estable y f\u00e1cil de agarrar.<\/p>\n","protected":false},"featured_media":10614,"comment_status":"open","ping_status":"closed","template":"","meta":[],"product_brand":[],"product_cat":[2115,1699],"product_tag":[],"class_list":{"0":"post-10288","1":"product","2":"type-product","3":"status-publish","4":"has-post-thumbnail","6":"product_cat-aguja-ganchillo","7":"product_cat-agujas","8":"pa_marca-clover","9":"pa_medida-0-50-mm","10":"pa_medida-0-60-mm","11":"pa_medida-0-75-mm","12":"pa_medida-0-90-mm","13":"pa_medida-1-0-mm","14":"pa_medida-1-25-mm","15":"pa_medida-1-5-mm","16":"pa_medida-1-75-mm","17":"pa_medida-2-mm","18":"pa_medida-2-25-mm","19":"pa_medida-2-75-mm","20":"pa_medida-3-mm","21":"pa_medida-3-5-mm","22":"pa_medida-3-75-mm","23":"pa_medida-4-mm","24":"pa_medida-4-5-mm","25":"pa_medida-5-mm","26":"pa_medida-5-5-mm","27":"pa_medida-6-mm","29":"first","30":"instock","31":"taxable","32":"shipping-taxable","33":"purchasable","34":"product-type-variable","35":"has-default-attributes"},"_links":{"self":[{"href":"https:\/\/molalalana.es\/tienda\/wp-json\/wp\/v2\/product\/10288","targetHints":{"allow":["GET"]}}],"collection":[{"href":"https:\/\/molalalana.es\/tienda\/wp-json\/wp\/v2\/product"}],"about":[{"href":"https:\/\/molalalana.es\/tienda\/wp-json\/wp\/v2\/types\/product"}],"replies":[{"embeddable":true,"href":"https:\/\/molalalana.es\/tienda\/wp-json\/wp\/v2\/comments?post=10288"}],"wp:featuredmedia":[{"embeddable":true,"href":"https:\/\/molalalana.es\/tienda\/wp-json\/wp\/v2\/media\/10614"}],"wp:attachment":[{"href":"https:\/\/molalalana.es\/tienda\/wp-json\/wp\/v2\/media?parent=10288"}],"wp:term":[{"taxonomy":"product_brand","embeddable":true,"href":"https:\/\/molalalana.es\/tienda\/wp-json\/wp\/v2\/product_brand?post=10288"},{"taxonomy":"product_cat","embeddable":true,"href":"https:\/\/molalalana.es\/tienda\/wp-json\/wp\/v2\/product_cat?post=10288"},{"taxonomy":"product_tag","embeddable":true,"href":"https:\/\/molalalana.es\/tienda\/wp-json\/wp\/v2\/product_tag?post=10288"}],"curies":[{"name":"wp","href":"https:\/\/api.w.org\/{rel}","templated":true}]}}