{"id":10625,"date":"2022-05-04T10:42:16","date_gmt":"2022-05-04T10:42:16","guid":{"rendered":"https:\/\/molalalana.es\/tienda\/?post_type=product&#038;p=10625"},"modified":"2026-05-02T14:11:01","modified_gmt":"2026-05-02T12:11:01","slug":"menfis-color","status":"publish","type":"product","link":"https:\/\/molalalana.es\/tienda\/tienda\/menfis-color\/","title":{"rendered":"KATIA MENFIS COLOR"},"content":{"rendered":"<p><strong>Katia Menfis Color<\/strong>\u00a0es un suave algod\u00f3n\u00a0muy fino, perfecto para tejer prendas fresquitas para la temporada primavera\/verano. El colorido que ofrece este hilo es muy alegre. Proporciona tejidos a rayas degradadas con una mezcla de colores muy llamativa, algo ideal para tejer prendas divertidas para los ni\u00f1os de cualquier edad.<\/p>\n<p>Puede combinar Katia Menfis Color con <a href=\"https:\/\/molalalana.es\/tienda\/tienda\/menfis\/\">MENFIS<\/a>, un hilo que cuenta con las mismas caracter\u00edsticas que este hilo, pero que est\u00e1 disponible en tonos lisos.<\/p>\n<p>Su grosor est\u00e1 recomendado para trabajar con agujas de ganchillo de 2 mm y de punto de 2,5 \u2013 3,5 mm.<\/p>\n<p><strong>\u00bfQu\u00e9 cantidad de ovillos necesito para tejer mis labores?<\/strong><\/p>\n<ul>\n<li>Para tejer un jersey de mujer de la talla 42 en manga corta necesitas 4 ovillos de este hilo.<\/li>\n<li>Para realizar un jersey de ni\u00f1o de manga larga en la talla de 4 a 6 a\u00f1os necesitas 2 ovillos. Para tejerlo en la talla de 6 a 10 a\u00f1os se necesitan 3 ovillos.<\/li>\n<\/ul>\n<p>Este hilo es perfecto para tejer todo tipo de prendas tanto para ni\u00f1o como para adulto.<\/p>\n<p>\u00bfHas tejido con\u00a0<strong>Menfis Color<\/strong>\u00a0?\u00a1Cu\u00e9ntanos tu experiencia! \u00a0<\/p>\n<h2><strong>El hilo Menfis Color est\u00e1 compuesto por:<\/strong><\/h2>\n<ul>\n<li>100% Algod\u00f3n<\/li>\n<\/ul>\n\n\n<h2 class=\"wp-block-heading has-medium-font-size\"><strong>Caracter\u00edsticas T\u00e9cnicas<\/strong><\/h2>\n\n\n\n<ul class=\"wp-block-list\">\n<li>Cada ovillo contiene 100 gramos y 240 metros.<\/li>\n\n\n\n<li>Su grosor est\u00e1 recomendado para trabajar con agujas de punto de&nbsp;2,5 \u2013 3,5 mm&nbsp;y de ganchillo de&nbsp;2 mm.<\/li>\n\n\n\n<li>Para realizar un cuadrado de 10 x 10 cm monta 24 puntos y trabaja 34 vueltas.<\/li>\n\n\n\n<li>Es apto para lavar a m\u00e1quina hasta 30\u00baC de temperatura como m\u00e1ximo.<\/li>\n\n\n\n<li>Se puede planchar a temperatura baja.<\/li>\n\n\n\n<li>No es apto para secar a m\u00e1quina. Se recomienda el secado en horizontal.<\/li>\n<\/ul>\n\n\n\n<figure class=\"wp-block-image size-full\"><img fetchpriority=\"high\" decoding=\"async\" width=\"602\" height=\"112\" src=\"https:\/\/molalalana.es\/tienda\/wp-content\/uploads\/2024\/02\/Captura5-2.jpg\" alt=\"\" class=\"wp-image-15516\" srcset=\"https:\/\/molalalana.es\/tienda\/wp-content\/uploads\/2024\/02\/Captura5-2.jpg 602w, https:\/\/molalalana.es\/tienda\/wp-content\/uploads\/2024\/02\/Captura5-2-300x56.jpg 300w, https:\/\/molalalana.es\/tienda\/wp-content\/uploads\/2024\/02\/Captura5-2-441x82.jpg 441w, https:\/\/molalalana.es\/tienda\/wp-content\/uploads\/2024\/02\/Captura5-2-150x28.jpg 150w\" sizes=\"(max-width: 602px) 100vw, 602px\" \/><\/figure>\n\n\n\n<figure class=\"wp-block-gallery has-nested-images columns-default is-cropped wp-block-gallery-1 is-layout-flex wp-block-gallery-is-layout-flex\">\n<figure class=\"wp-block-image size-large\"><img decoding=\"async\" width=\"270\" height=\"374\" data-id=\"15517\" src=\"https:\/\/molalalana.es\/tienda\/wp-content\/uploads\/2024\/02\/Captura-8.jpg\" alt=\"\" class=\"wp-image-15517\" srcset=\"https:\/\/molalalana.es\/tienda\/wp-content\/uploads\/2024\/02\/Captura-8.jpg 270w, https:\/\/molalalana.es\/tienda\/wp-content\/uploads\/2024\/02\/Captura-8-217x300.jpg 217w, https:\/\/molalalana.es\/tienda\/wp-content\/uploads\/2024\/02\/Captura-8-150x208.jpg 150w\" sizes=\"(max-width: 270px) 100vw, 270px\" \/><\/figure>\n\n\n\n<figure class=\"wp-block-image size-large\"><img decoding=\"async\" width=\"267\" height=\"370\" data-id=\"15518\" src=\"https:\/\/molalalana.es\/tienda\/wp-content\/uploads\/2024\/02\/Captura2-7.jpg\" alt=\"\" class=\"wp-image-15518\" srcset=\"https:\/\/molalalana.es\/tienda\/wp-content\/uploads\/2024\/02\/Captura2-7.jpg 267w, https:\/\/molalalana.es\/tienda\/wp-content\/uploads\/2024\/02\/Captura2-7-216x300.jpg 216w, https:\/\/molalalana.es\/tienda\/wp-content\/uploads\/2024\/02\/Captura2-7-150x208.jpg 150w\" sizes=\"(max-width: 267px) 100vw, 267px\" \/><\/figure>\n<\/figure>\n","protected":false},"excerpt":{"rendered":"<p>Algod\u00f3n multicolor en tonos juveniles de hebra fina para primavera y verano<\/p>\n","protected":false},"featured_media":3027,"comment_status":"open","ping_status":"closed","template":"","meta":[],"product_brand":[],"product_cat":[20,3339],"product_tag":[734,234,240,244,235],"class_list":{"0":"post-10625","1":"product","2":"type-product","3":"status-publish","4":"has-post-thumbnail","6":"product_cat-lanas","7":"product_cat-primavera-verano-lanas","8":"product_tag-algodon","9":"product_tag-bebes","10":"product_tag-hilo","11":"product_tag-multicolor","12":"product_tag-suave","13":"pa_color-101-rosas-lilas","14":"pa_color-106-jeans","15":"pa_color-108-vivos-corales","16":"pa_color-109-pist-ro-li-lila-turq","17":"pa_color-112-lilas-verd-carne","18":"pa_color-113-narnjas-kakis","19":"pa_color-114-beig-petrol-rojizo","20":"pa_color-115-kaki-turq-lima-coral","21":"pa_color-116-pastel-malva-verd","22":"pa_color-117-ocres-verd-azul","23":"pa_color-118-naran-fucsia","24":"pa_color-119-pasteles","25":"pa_color-120-azules-rosa-pista","26":"pa_color-121-fucsia-naraj-pista","27":"pa_color-122-coral-verd-am-azul","28":"pa_color-123-nar-bei-am-paste-ver","29":"pa_composicion-100-algodon","30":"pa_marca-katia","31":"pa_temporada-primavera-verano","33":"first","34":"instock","35":"taxable","36":"shipping-taxable","37":"purchasable","38":"product-type-variable","39":"has-default-attributes"},"_links":{"self":[{"href":"https:\/\/molalalana.es\/tienda\/wp-json\/wp\/v2\/product\/10625","targetHints":{"allow":["GET"]}}],"collection":[{"href":"https:\/\/molalalana.es\/tienda\/wp-json\/wp\/v2\/product"}],"about":[{"href":"https:\/\/molalalana.es\/tienda\/wp-json\/wp\/v2\/types\/product"}],"replies":[{"embeddable":true,"href":"https:\/\/molalalana.es\/tienda\/wp-json\/wp\/v2\/comments?post=10625"}],"wp:featuredmedia":[{"embeddable":true,"href":"https:\/\/molalalana.es\/tienda\/wp-json\/wp\/v2\/media\/3027"}],"wp:attachment":[{"href":"https:\/\/molalalana.es\/tienda\/wp-json\/wp\/v2\/media?parent=10625"}],"wp:term":[{"taxonomy":"product_brand","embeddable":true,"href":"https:\/\/molalalana.es\/tienda\/wp-json\/wp\/v2\/product_brand?post=10625"},{"taxonomy":"product_cat","embeddable":true,"href":"https:\/\/molalalana.es\/tienda\/wp-json\/wp\/v2\/product_cat?post=10625"},{"taxonomy":"product_tag","embeddable":true,"href":"https:\/\/molalalana.es\/tienda\/wp-json\/wp\/v2\/product_tag?post=10625"}],"curies":[{"name":"wp","href":"https:\/\/api.w.org\/{rel}","templated":true}]}}