{"id":14203,"date":"2023-08-02T17:48:00","date_gmt":"2023-08-02T15:48:00","guid":{"rendered":"https:\/\/molalalana.es\/tienda\/?post_type=product&#038;p=14203"},"modified":"2026-03-23T12:35:04","modified_gmt":"2026-03-23T10:35:04","slug":"brahma","status":"publish","type":"product","link":"https:\/\/molalalana.es\/tienda\/tienda\/brahma\/","title":{"rendered":"BRAHMA"},"content":{"rendered":"<p>Katia Brahma es una lana edici\u00f3n limitada con la que tejer llamativos accesorios con solo un ovillo! Esta lana con estampado efecto spray viene en siete variantes de color, lo que le da a tus creaciones un toque \u00fanico. La versatilidad de esta lana te permite crear, con solo un ovillo, bufandas y chales con dise\u00f1os modernos y frescos. Si\u00e9ntete libre para explotar tu creatividad y disfruta del placer de tejer con la mejor calidad al alcance de tus manos. \u00a1Atr\u00e9vete a darle vida a tus ideas!<\/p>\n\n\n<h2 class=\"wp-block-heading\">CARACTER\u00cdSTICAS T\u00c9CNICAS<\/h2>\n\n\n\n<ul class=\"wp-block-list\">\n<li>Ovillo de 150 gramos y 810 metros. <\/li>\n\n\n\n<li>Se recomienda tejer con agujas 4-5 mm o ganchillo 2,5-3 mm. <\/li>\n\n\n\n<li>Con un ovillo tejes un chal. Para la muestra de 10x10cm trabajar 20 puntos y 25 vueltas.<\/li>\n\n\n\n<li> Lavable a m\u00e1quina hasta 30\u00b0C en programa para lana. <\/li>\n\n\n\n<li>No usar secadora.<\/li>\n<\/ul>\n\n\n\n<h2 class=\"wp-block-heading\">PROYECTOS REALIZADOS<\/h2>\n\n\n\n<figure class=\"wp-block-gallery has-nested-images columns-default is-cropped wp-block-gallery-1 is-layout-flex wp-block-gallery-is-layout-flex\">\n<figure class=\"wp-block-image size-large\"><img fetchpriority=\"high\" decoding=\"async\" width=\"683\" height=\"1024\" data-id=\"13767\" src=\"https:\/\/molalalana.es\/tienda\/wp-content\/uploads\/2C-683x1024.webp\" alt=\"\" class=\"wp-image-13767\" srcset=\"https:\/\/molalalana.es\/tienda\/wp-content\/uploads\/2C-683x1024.webp 683w, https:\/\/molalalana.es\/tienda\/wp-content\/uploads\/2C-200x300.webp 200w, https:\/\/molalalana.es\/tienda\/wp-content\/uploads\/2C-768x1152.webp 768w, https:\/\/molalalana.es\/tienda\/wp-content\/uploads\/2C-1024x1536.webp 1024w, https:\/\/molalalana.es\/tienda\/wp-content\/uploads\/2C-990x1485.webp 990w, https:\/\/molalalana.es\/tienda\/wp-content\/uploads\/2C-441x661.webp 441w, https:\/\/molalalana.es\/tienda\/wp-content\/uploads\/2C-900x1350.webp 900w, https:\/\/molalalana.es\/tienda\/wp-content\/uploads\/2C-150x225.webp 150w, https:\/\/molalalana.es\/tienda\/wp-content\/uploads\/2C.webp 1213w\" sizes=\"(max-width: 683px) 100vw, 683px\" \/><\/figure>\n\n\n\n<figure class=\"wp-block-image size-large\"><img decoding=\"async\" width=\"1024\" height=\"683\" data-id=\"13771\" src=\"https:\/\/molalalana.es\/tienda\/wp-content\/uploads\/1D-2-1024x683.webp\" alt=\"\" class=\"wp-image-13771\" srcset=\"https:\/\/molalalana.es\/tienda\/wp-content\/uploads\/1D-2-1024x683.webp 1024w, https:\/\/molalalana.es\/tienda\/wp-content\/uploads\/1D-2-300x200.webp 300w, https:\/\/molalalana.es\/tienda\/wp-content\/uploads\/1D-2-768x512.webp 768w, https:\/\/molalalana.es\/tienda\/wp-content\/uploads\/1D-2-1536x1024.webp 1536w, https:\/\/molalalana.es\/tienda\/wp-content\/uploads\/1D-2-2048x1365.webp 2048w, https:\/\/molalalana.es\/tienda\/wp-content\/uploads\/1D-2-990x660.webp 990w, https:\/\/molalalana.es\/tienda\/wp-content\/uploads\/1D-2-441x294.webp 441w, https:\/\/molalalana.es\/tienda\/wp-content\/uploads\/1D-2-1320x880.webp 1320w, https:\/\/molalalana.es\/tienda\/wp-content\/uploads\/1D-2-900x600.webp 900w, https:\/\/molalalana.es\/tienda\/wp-content\/uploads\/1D-2-150x100.webp 150w\" sizes=\"(max-width: 1024px) 100vw, 1024px\" \/><\/figure>\n\n\n\n<figure class=\"wp-block-image size-large\"><img decoding=\"async\" width=\"1024\" height=\"682\" data-id=\"13772\" src=\"https:\/\/molalalana.es\/tienda\/wp-content\/uploads\/2A-1-1024x682.webp\" alt=\"\" class=\"wp-image-13772\" srcset=\"https:\/\/molalalana.es\/tienda\/wp-content\/uploads\/2A-1-1024x682.webp 1024w, https:\/\/molalalana.es\/tienda\/wp-content\/uploads\/2A-1-300x200.webp 300w, https:\/\/molalalana.es\/tienda\/wp-content\/uploads\/2A-1-768x512.webp 768w, https:\/\/molalalana.es\/tienda\/wp-content\/uploads\/2A-1-990x660.webp 990w, https:\/\/molalalana.es\/tienda\/wp-content\/uploads\/2A-1-441x294.webp 441w, https:\/\/molalalana.es\/tienda\/wp-content\/uploads\/2A-1-900x600.webp 900w, https:\/\/molalalana.es\/tienda\/wp-content\/uploads\/2A-1-150x100.webp 150w, https:\/\/molalalana.es\/tienda\/wp-content\/uploads\/2A-1.webp 1256w\" sizes=\"(max-width: 1024px) 100vw, 1024px\" \/><\/figure>\n<\/figure>\n","protected":false},"excerpt":{"rendered":"<p>Con Katia Brahma puedes tejer tus labores m\u00e1s alegres y coloridas de oto\u00f1o e invierno. Cada ovillo se compone por una paleta de colores matizados con efecto spray, que har\u00e1n que tus proyectos est\u00e9n repletos de pintitas multicolor. \u00a1Con solo un ovillo puedes tejer un chal, una bufanda u otros complementos!<\/p>\n","protected":false},"featured_media":13774,"comment_status":"open","ping_status":"open","template":"","meta":[],"product_brand":[],"product_cat":[20],"product_tag":[],"class_list":{"0":"post-14203","1":"product","2":"type-product","3":"status-publish","4":"has-post-thumbnail","6":"product_cat-lanas","7":"pa_color-301-naranjas-fucsia-azul","8":"pa_color-302-verdes-azul-fucsia","9":"pa_color-303-vivos","10":"pa_color-304-rosados-naranja-turq","11":"pa_color-305-ocres-naranja-coral","12":"pa_color-306-azules-agua-naranja","13":"pa_color-307-ocres-morado","14":"pa_composicion-80-acrilico-10-mohair-10-lana","15":"pa_marca-katia","16":"pa_temporada-otono-invierno","18":"first","19":"instock","20":"sale","21":"taxable","22":"shipping-taxable","23":"purchasable","24":"product-type-variable","25":"has-default-attributes"},"_links":{"self":[{"href":"https:\/\/molalalana.es\/tienda\/wp-json\/wp\/v2\/product\/14203","targetHints":{"allow":["GET"]}}],"collection":[{"href":"https:\/\/molalalana.es\/tienda\/wp-json\/wp\/v2\/product"}],"about":[{"href":"https:\/\/molalalana.es\/tienda\/wp-json\/wp\/v2\/types\/product"}],"replies":[{"embeddable":true,"href":"https:\/\/molalalana.es\/tienda\/wp-json\/wp\/v2\/comments?post=14203"}],"wp:featuredmedia":[{"embeddable":true,"href":"https:\/\/molalalana.es\/tienda\/wp-json\/wp\/v2\/media\/13774"}],"wp:attachment":[{"href":"https:\/\/molalalana.es\/tienda\/wp-json\/wp\/v2\/media?parent=14203"}],"wp:term":[{"taxonomy":"product_brand","embeddable":true,"href":"https:\/\/molalalana.es\/tienda\/wp-json\/wp\/v2\/product_brand?post=14203"},{"taxonomy":"product_cat","embeddable":true,"href":"https:\/\/molalalana.es\/tienda\/wp-json\/wp\/v2\/product_cat?post=14203"},{"taxonomy":"product_tag","embeddable":true,"href":"https:\/\/molalalana.es\/tienda\/wp-json\/wp\/v2\/product_tag?post=14203"}],"curies":[{"name":"wp","href":"https:\/\/api.w.org\/{rel}","templated":true}]}}