{"id":14241,"date":"2023-08-02T17:48:14","date_gmt":"2023-08-02T15:48:14","guid":{"rendered":"https:\/\/molalalana.es\/tienda\/?post_type=product&#038;p=14241"},"modified":"2026-01-13T21:13:10","modified_gmt":"2026-01-13T19:13:10","slug":"funny-azteca","status":"publish","type":"product","link":"https:\/\/molalalana.es\/tienda\/tienda\/funny-azteca\/","title":{"rendered":"KATIA FUNNY AZTECA"},"content":{"rendered":"<p><strong>Katia Funny Azteca<\/strong>\u00a0es una lana que combina lana y acr\u00edlico en una explosi\u00f3n de creatividad y colores vibrantes. Sus tonalidades alegres har\u00e1n que tus proyectos de oto\u00f1o e invierno se conviertan en aut\u00e9nticas obras de arte. Esta versi\u00f3n renovada de Katia Azteca es perfecta para a\u00f1adir un toque de color a tu vida.<\/p>\n<p>Con Funny Azteca, podr\u00e1s alegrar tus creaciones con sus 8 colores degradados disponibles, permiti\u00e9ndote tejer prendas \u00fanicas y con mucho estilo.<\/p>\n<p>Es adecuada para trabajar prendas y complementos para ni\u00f1os o mayores. Su composici\u00f3n la hace perfecta para crear prendas muy c\u00e1lidas y resistentes. Trabaja un jersey para ti, un abrigo para los ni\u00f1os o una manta para el hogar&#8230; \u00a1Las opciones son infinitas!<\/p>\n<p>La composici\u00f3n de Funny Azteca incluye un 53% de lana virgen y un 47% de acr\u00edlico. Cada ovillo tiene 100 gramos y 180 metros de longitud, y el grosor recomendado para trabajar con esta lana es de 5-5,5 mm para agujas de punto o 6-7 mm para ganchillo. \u00a1Deja volar tu imaginaci\u00f3n y crea con Katia Funny Azteca!<\/p>\n<h2>\u00bfCu\u00e1l es la composici\u00f3n de Katia Funny Azteca?<\/h2>\n<ul>\n<li>53% Lana Virgen<\/li>\n<li>47% Acr\u00edlico<\/li>\n<\/ul>\n\n\n<h2 class=\"wp-block-heading\">CARACTERISTICAS TECNICAS<\/h2>\n\n\n\n<ul class=\"wp-block-list\">\n<li>Ovillo de 100 gramos y 180 metros. <\/li>\n\n\n\n<li>Se recomienda tejer con agujas del 5-5,5 mm o ganchillo del 6-7 mm. <\/li>\n\n\n\n<li>Para realizar un jersey de mujer de manga larga talla 42 se necesitan 5 ovillos.<\/li>\n\n\n\n<li> Para la muestra de 10x10cm trabajar 17 puntos y 23 vueltas.<\/li>\n\n\n\n<li> Lavable a m\u00e1quina hasta 30\u00b0C con centrifugado corto.<\/li>\n\n\n\n<li> No usar secadora.<\/li>\n<\/ul>\n\n\n\n<figure class=\"wp-block-image size-full\"><img fetchpriority=\"high\" decoding=\"async\" width=\"621\" height=\"148\" src=\"https:\/\/molalalana.es\/tienda\/wp-content\/uploads\/Captura-9.jpg\" alt=\"\" class=\"wp-image-14468\" srcset=\"https:\/\/molalalana.es\/tienda\/wp-content\/uploads\/Captura-9.jpg 621w, https:\/\/molalalana.es\/tienda\/wp-content\/uploads\/Captura-9-300x71.jpg 300w, https:\/\/molalalana.es\/tienda\/wp-content\/uploads\/Captura-9-441x105.jpg 441w, https:\/\/molalalana.es\/tienda\/wp-content\/uploads\/Captura-9-150x36.jpg 150w\" sizes=\"(max-width: 621px) 100vw, 621px\" \/><\/figure>\n\n\n\n<h2 class=\"wp-block-heading\">PROYECTOS REALIZADOS<\/h2>\n\n\n\n<figure class=\"wp-block-gallery has-nested-images columns-default is-cropped wp-block-gallery-1 is-layout-flex wp-block-gallery-is-layout-flex\">\n<figure class=\"wp-block-image size-full\"><img decoding=\"async\" width=\"257\" height=\"333\" data-id=\"16571\" src=\"https:\/\/molalalana.es\/tienda\/wp-content\/uploads\/2023\/08\/Captura2.jpg\" alt=\"\" class=\"wp-image-16571\" srcset=\"https:\/\/molalalana.es\/tienda\/wp-content\/uploads\/2023\/08\/Captura2.jpg 257w, https:\/\/molalalana.es\/tienda\/wp-content\/uploads\/2023\/08\/Captura2-232x300.jpg 232w, https:\/\/molalalana.es\/tienda\/wp-content\/uploads\/2023\/08\/Captura2-150x194.jpg 150w\" sizes=\"(max-width: 257px) 100vw, 257px\" \/><\/figure>\n\n\n\n<figure class=\"wp-block-image size-full\"><img decoding=\"async\" width=\"241\" height=\"366\" data-id=\"16569\" src=\"https:\/\/molalalana.es\/tienda\/wp-content\/uploads\/2023\/08\/Captura1-1.jpg\" alt=\"\" class=\"wp-image-16569\" srcset=\"https:\/\/molalalana.es\/tienda\/wp-content\/uploads\/2023\/08\/Captura1-1.jpg 241w, https:\/\/molalalana.es\/tienda\/wp-content\/uploads\/2023\/08\/Captura1-1-198x300.jpg 198w, https:\/\/molalalana.es\/tienda\/wp-content\/uploads\/2023\/08\/Captura1-1-150x228.jpg 150w\" sizes=\"(max-width: 241px) 100vw, 241px\" \/><\/figure>\n\n\n\n<figure class=\"wp-block-image size-large\"><img loading=\"lazy\" decoding=\"async\" width=\"294\" height=\"388\" data-id=\"14469\" src=\"https:\/\/molalalana.es\/tienda\/wp-content\/uploads\/Captura1-4.jpg\" alt=\"\" class=\"wp-image-14469\" srcset=\"https:\/\/molalalana.es\/tienda\/wp-content\/uploads\/Captura1-4.jpg 294w, https:\/\/molalalana.es\/tienda\/wp-content\/uploads\/Captura1-4-227x300.jpg 227w, https:\/\/molalalana.es\/tienda\/wp-content\/uploads\/Captura1-4-150x198.jpg 150w\" sizes=\"(max-width: 294px) 100vw, 294px\" \/><\/figure>\n<\/figure>\n","protected":false},"excerpt":{"rendered":"<p>Katia Funny Azteca\u00a0es una lana que combina un degradado de colores con un efecto jaspeado\u00a0para crear proyectos llenos de creatividad y colores alegres. Se compone\u00a0por lana y acr\u00edlico, lo que permite tejer\u00a0prendas c\u00e1lidas y resistentes para ni\u00f1os y mayores. Es una lana ideal para hacer prendas de granny square ya sean alegres chaquetas o vestidos. tambi\u00e9n ideal para realizar complementos<\/p>\n","protected":false},"featured_media":13854,"comment_status":"open","ping_status":"open","template":"","meta":[],"product_brand":[],"product_cat":[20],"product_tag":[243,244,235],"class_list":{"0":"post-14241","1":"product","2":"type-product","3":"status-publish","4":"has-post-thumbnail","6":"product_cat-lanas","7":"product_tag-mecha","8":"product_tag-multicolor","9":"product_tag-suave","10":"pa_color-200-naranja-verde","11":"pa_color-201-naranja-lila","12":"pa_color-202-verde-azul","13":"pa_color-203-rosa-claro-celeste","14":"pa_color-204-turquesa-fucsia","15":"pa_color-205-fucsia-azul","16":"pa_color-206-verde-naranja-lila","17":"pa_color-207-azul-roo-verde-ocre","18":"pa_composicion-53-lana-47-acrilico","19":"pa_marca-katia","20":"pa_temporada-otono-invierno","22":"first","23":"instock","24":"taxable","25":"shipping-taxable","26":"purchasable","27":"product-type-variable","28":"has-default-attributes"},"_links":{"self":[{"href":"https:\/\/molalalana.es\/tienda\/wp-json\/wp\/v2\/product\/14241","targetHints":{"allow":["GET"]}}],"collection":[{"href":"https:\/\/molalalana.es\/tienda\/wp-json\/wp\/v2\/product"}],"about":[{"href":"https:\/\/molalalana.es\/tienda\/wp-json\/wp\/v2\/types\/product"}],"replies":[{"embeddable":true,"href":"https:\/\/molalalana.es\/tienda\/wp-json\/wp\/v2\/comments?post=14241"}],"wp:featuredmedia":[{"embeddable":true,"href":"https:\/\/molalalana.es\/tienda\/wp-json\/wp\/v2\/media\/13854"}],"wp:attachment":[{"href":"https:\/\/molalalana.es\/tienda\/wp-json\/wp\/v2\/media?parent=14241"}],"wp:term":[{"taxonomy":"product_brand","embeddable":true,"href":"https:\/\/molalalana.es\/tienda\/wp-json\/wp\/v2\/product_brand?post=14241"},{"taxonomy":"product_cat","embeddable":true,"href":"https:\/\/molalalana.es\/tienda\/wp-json\/wp\/v2\/product_cat?post=14241"},{"taxonomy":"product_tag","embeddable":true,"href":"https:\/\/molalalana.es\/tienda\/wp-json\/wp\/v2\/product_tag?post=14241"}],"curies":[{"name":"wp","href":"https:\/\/api.w.org\/{rel}","templated":true}]}}