{"id":14255,"date":"2023-08-02T17:48:18","date_gmt":"2023-08-02T15:48:18","guid":{"rendered":"https:\/\/molalalana.es\/tienda\/?post_type=product&#038;p=14255"},"modified":"2026-03-30T20:36:57","modified_gmt":"2026-03-30T18:36:57","slug":"maravilla","status":"publish","type":"product","link":"https:\/\/molalalana.es\/tienda\/tienda\/maravilla\/","title":{"rendered":"KATIA MARAVILLA"},"content":{"rendered":"<p><strong>Katia Maravilla<\/strong>\u00a0es una lana edici\u00f3n limitada que te sorprender\u00e1 con su incre\u00edble combinaci\u00f3n de colores degradados \u00abCiclo Perfecto\u00bb. Cada ovillo de 200 gramos ofrece una transici\u00f3n suave y arm\u00f3nica de tonalidades, lo que la convierte en la elecci\u00f3n ideal para crear prendas con dise\u00f1os sim\u00e9tricos y visualmente impactantes. \u00a1Con un solo ovillo puedes tejer un chal completo!<\/p>\n<p>Adem\u00e1s, esta maravillosa lana puede combinarse perfectamente con Basic Merino, ya que ambas tienen el mismo grosor y calidad. De esta manera, podr\u00e1s a\u00f1adir colores s\u00f3lidos a tus proyectos y darles un toque especial. Katia Maravilla es una novedad para la temporada de oto\u00f1o-invierno 2023-2024 y est\u00e1 dise\u00f1ada pensando en los amantes del ganchillo y el tricot.<\/p>\n<p>Su composici\u00f3n incluye un 52% de Merino Superwash y un 48% de acr\u00edlico. El tratamiento Superwash\u00a0facilita el cuidado de las prendas. Permite que la lana sea lavable a m\u00e1quina sin riesgo de encogimiento o deformaci\u00f3n.<\/p>\n<p>Descubre la magia de tejer con Katia Maravilla y crea prendas labores multicolor con un solo ovillo. Su gran formato de ovillos y su hermosa gama de colores te brindan infinitas posibilidades creativas. \u00a1Deja volar tu imaginaci\u00f3n y disfruta del arte de tejer con esta maravillosa lana!<\/p>\n<h2>\u00bfCu\u00e1l es la composici\u00f3n de Katia Maravilla?<\/h2>\n<ul>\n<li>52% Merino Superwash<\/li>\n<li>48% Acr\u00edlico<\/li>\n<\/ul>\n\n\n<h2 class=\"wp-block-heading\">CARACTER\u00cdSTICAS T\u00c9CNICAS<\/h2>\n\n\n\n<ul class=\"wp-block-list\">\n<li>Ovillo de 200 gramos y 480 metros.<\/li>\n\n\n\n<li> Se recomienda tejer con agujas del 3,5-4 mm. <\/li>\n\n\n\n<li>Con un ovillo tejes un chal. <\/li>\n\n\n\n<li>Para la muestra 10&#215;10 cm trabajar 22 puntos y 29 vueltas. <\/li>\n\n\n\n<li>Lavable a m\u00e1quina hasta 30\u00baC en programa para lana.<\/li>\n\n\n\n<li> Se puede secar en secadora.<\/li>\n\n\n\n<li> SUPERWASH.<\/li>\n<\/ul>\n\n\n\n<figure class=\"wp-block-image size-full is-resized\"><img fetchpriority=\"high\" decoding=\"async\" width=\"584\" height=\"132\" src=\"https:\/\/molalalana.es\/tienda\/wp-content\/uploads\/CARACTERISTICAS.jpg\" alt=\"\" class=\"wp-image-14427\" style=\"width:407px;height:92px\" srcset=\"https:\/\/molalalana.es\/tienda\/wp-content\/uploads\/CARACTERISTICAS.jpg 584w, https:\/\/molalalana.es\/tienda\/wp-content\/uploads\/CARACTERISTICAS-300x68.jpg 300w, https:\/\/molalalana.es\/tienda\/wp-content\/uploads\/CARACTERISTICAS-441x100.jpg 441w, https:\/\/molalalana.es\/tienda\/wp-content\/uploads\/CARACTERISTICAS-150x34.jpg 150w\" sizes=\"(max-width: 584px) 100vw, 584px\" \/><\/figure>\n\n\n\n<h2 class=\"wp-block-heading\">PROYECTOS REALIZADOS<\/h2>\n\n\n\n<figure class=\"wp-block-gallery has-nested-images columns-default is-cropped wp-block-gallery-1 is-layout-flex wp-block-gallery-is-layout-flex\">\n<figure class=\"wp-block-image size-large\"><img decoding=\"async\" width=\"683\" height=\"1024\" data-id=\"13892\" src=\"https:\/\/molalalana.es\/tienda\/wp-content\/uploads\/2A-3-683x1024.webp\" alt=\"\" class=\"wp-image-13892\" srcset=\"https:\/\/molalalana.es\/tienda\/wp-content\/uploads\/2A-3-683x1024.webp 683w, https:\/\/molalalana.es\/tienda\/wp-content\/uploads\/2A-3-200x300.webp 200w, https:\/\/molalalana.es\/tienda\/wp-content\/uploads\/2A-3-768x1152.webp 768w, https:\/\/molalalana.es\/tienda\/wp-content\/uploads\/2A-3-1024x1536.webp 1024w, https:\/\/molalalana.es\/tienda\/wp-content\/uploads\/2A-3-990x1485.webp 990w, https:\/\/molalalana.es\/tienda\/wp-content\/uploads\/2A-3-441x661.webp 441w, https:\/\/molalalana.es\/tienda\/wp-content\/uploads\/2A-3-900x1350.webp 900w, https:\/\/molalalana.es\/tienda\/wp-content\/uploads\/2A-3-150x225.webp 150w, https:\/\/molalalana.es\/tienda\/wp-content\/uploads\/2A-3.webp 1147w\" sizes=\"(max-width: 683px) 100vw, 683px\" \/><\/figure>\n\n\n\n<figure class=\"wp-block-image size-large\"><img decoding=\"async\" width=\"1000\" height=\"667\" data-id=\"13891\" src=\"https:\/\/molalalana.es\/tienda\/wp-content\/uploads\/1B-4.webp\" alt=\"\" class=\"wp-image-13891\" srcset=\"https:\/\/molalalana.es\/tienda\/wp-content\/uploads\/1B-4.webp 1000w, https:\/\/molalalana.es\/tienda\/wp-content\/uploads\/1B-4-300x200.webp 300w, https:\/\/molalalana.es\/tienda\/wp-content\/uploads\/1B-4-768x512.webp 768w, https:\/\/molalalana.es\/tienda\/wp-content\/uploads\/1B-4-990x660.webp 990w, https:\/\/molalalana.es\/tienda\/wp-content\/uploads\/1B-4-441x294.webp 441w, https:\/\/molalalana.es\/tienda\/wp-content\/uploads\/1B-4-900x600.webp 900w, https:\/\/molalalana.es\/tienda\/wp-content\/uploads\/1B-4-150x100.webp 150w\" sizes=\"(max-width: 1000px) 100vw, 1000px\" \/><\/figure>\n\n\n\n<figure class=\"wp-block-image size-large\"><img loading=\"lazy\" decoding=\"async\" width=\"682\" height=\"1024\" data-id=\"13890\" src=\"https:\/\/molalalana.es\/tienda\/wp-content\/uploads\/1A-4-682x1024.webp\" alt=\"\" class=\"wp-image-13890\" srcset=\"https:\/\/molalalana.es\/tienda\/wp-content\/uploads\/1A-4-682x1024.webp 682w, https:\/\/molalalana.es\/tienda\/wp-content\/uploads\/1A-4-200x300.webp 200w, https:\/\/molalalana.es\/tienda\/wp-content\/uploads\/1A-4-768x1152.webp 768w, https:\/\/molalalana.es\/tienda\/wp-content\/uploads\/1A-4-441x662.webp 441w, https:\/\/molalalana.es\/tienda\/wp-content\/uploads\/1A-4-150x225.webp 150w, https:\/\/molalalana.es\/tienda\/wp-content\/uploads\/1A-4.webp 837w\" sizes=\"(max-width: 682px) 100vw, 682px\" \/><\/figure>\n<\/figure>\n","protected":false},"excerpt":{"rendered":"<p>Katia Maravilla es una lana edici\u00f3n limitada con un incre\u00edble degradado de colores \u00abCiclo Perfecto\u00bb. Cada ovillo de 200 gramos ofrece transiciones suaves, ideales para dise\u00f1os de color sim\u00e9tricos. Puedes tejer un chal completo con un solo ovillo. Adem\u00e1s, su tratamiento Superwash permite lavar las prendas a m\u00e1quina f\u00e1cilmente. \u00a1Descubre la magia de tejer con Katia Maravilla y crea proyectos multicolor!\u00a0 \u00a1Deja volar tu imaginaci\u00f3n y disfruta del arte de tejer con esta maravillosa lana!<\/p>\n","protected":false},"featured_media":14021,"comment_status":"open","ping_status":"open","template":"","meta":[],"product_brand":[],"product_cat":[20],"product_tag":[230,3048,244,235],"class_list":{"0":"post-14255","1":"product","2":"type-product","3":"status-publish","4":"has-post-thumbnail","6":"product_cat-lanas","7":"product_tag-granny-squares","8":"product_tag-lana-jersey","9":"product_tag-multicolor","10":"product_tag-suave","11":"pa_color-500-marron-naranj-petrol","12":"pa_color-501-morados-naranja-lima","13":"pa_color-502-rojizos-naranja-ocre","14":"pa_color-503-fucsi-azulina-verde","15":"pa_color-504-azul-camel-verdes","16":"pa_color-505-rojizos-petrol-azule","17":"pa_color-507-verde-melocoton-lila","18":"pa_composicion-52-lana-virgen-48-acrilico","19":"pa_marca-katia","20":"pa_temporada-otono-invierno","22":"first","23":"instock","24":"sale","25":"taxable","26":"shipping-taxable","27":"purchasable","28":"product-type-variable","29":"has-default-attributes"},"_links":{"self":[{"href":"https:\/\/molalalana.es\/tienda\/wp-json\/wp\/v2\/product\/14255","targetHints":{"allow":["GET"]}}],"collection":[{"href":"https:\/\/molalalana.es\/tienda\/wp-json\/wp\/v2\/product"}],"about":[{"href":"https:\/\/molalalana.es\/tienda\/wp-json\/wp\/v2\/types\/product"}],"replies":[{"embeddable":true,"href":"https:\/\/molalalana.es\/tienda\/wp-json\/wp\/v2\/comments?post=14255"}],"wp:featuredmedia":[{"embeddable":true,"href":"https:\/\/molalalana.es\/tienda\/wp-json\/wp\/v2\/media\/14021"}],"wp:attachment":[{"href":"https:\/\/molalalana.es\/tienda\/wp-json\/wp\/v2\/media?parent=14255"}],"wp:term":[{"taxonomy":"product_brand","embeddable":true,"href":"https:\/\/molalalana.es\/tienda\/wp-json\/wp\/v2\/product_brand?post=14255"},{"taxonomy":"product_cat","embeddable":true,"href":"https:\/\/molalalana.es\/tienda\/wp-json\/wp\/v2\/product_cat?post=14255"},{"taxonomy":"product_tag","embeddable":true,"href":"https:\/\/molalalana.es\/tienda\/wp-json\/wp\/v2\/product_tag?post=14255"}],"curies":[{"name":"wp","href":"https:\/\/api.w.org\/{rel}","templated":true}]}}