{"id":14321,"date":"2023-08-02T17:53:54","date_gmt":"2023-08-02T15:53:54","guid":{"rendered":"https:\/\/molalalana.es\/tienda\/?post_type=product&#038;p=14321"},"modified":"2026-03-03T12:42:13","modified_gmt":"2026-03-03T10:42:13","slug":"merino-aran-sunrise","status":"publish","type":"product","link":"https:\/\/molalalana.es\/tienda\/tienda\/merino-aran-sunrise\/","title":{"rendered":"MERINO ARAN SUNRISE"},"content":{"rendered":"<p><strong>Katia Merino Aran Sunrise<\/strong>\u00a0es una lana de alta calidad que te ofrece una explosi\u00f3n de color y alegr\u00eda en cada puntada. Esta lana est\u00e1 compuesta por un 52% de Merino Superwash y un 48% de acr\u00edlico, lo que la convierte en una opci\u00f3n incre\u00edblemente suave, resistente y c\u00e1lida.<\/p>\n<p>Lo que hace que Katia Merino Aran Sunrise sea realmente especial es su estampado multicolor en tonos vibrantes y radiantes. Cada madeja est\u00e1 cuidadosamente te\u00f1ida con una combinaci\u00f3n de colores que se entrelazan y se fusionan entre s\u00ed, creando una riqueza crom\u00e1tica \u00fanica y sorprendente. Los tonos intensos y brillantes se entrelazan con sutileza, creando un efecto de rayas multicolor, visualmente impactante en tus prendas tejidas.<\/p>\n<p>Esta lana es perfectamente combinable con <strong>Katia Merino Aran,<\/strong> lo que te brinda a\u00fan m\u00e1s posibilidades creativas. Puedes mezclar y combinar los colores de ambas lanas para crear dise\u00f1os originales y personalizados. Ya sea que desees tejer un su\u00e9ter acogedor, un chal elegante o unos c\u00e1lidos accesorios de invierno, Katia Merino Aran Sunrise a\u00f1adir\u00e1 un toque de originalidad y vitalidad a tus creaciones.<\/p>\n\n\n<h2 class=\"wp-block-heading\">CARACTER\u00cdSTICAS T\u00c9CNICAS<\/h2>\n\n\n\n<ul class=\"wp-block-list\">\n<li>Ovillo de 100 gramos y 155 metros. <\/li>\n\n\n\n<li>Se recomienda tejer con agujas del 4,5-5,5 mm. <\/li>\n\n\n\n<li>Para realizar un jersey de mujer de manga larga talla 42 se necesitan 5 ovillos. <\/li>\n\n\n\n<li>Para la muestra 10&#215;10 cm trabajar 16 puntos y 20 vueltas. <\/li>\n\n\n\n<li>Lavable a m\u00e1quina hasta 30\u00baC en programa para lana. <\/li>\n\n\n\n<li>Se puede secar en secadora. SUPERWASH.  <\/li>\n<\/ul>\n\n\n\n<figure class=\"wp-block-image size-full is-resized\"><img fetchpriority=\"high\" decoding=\"async\" width=\"534\" height=\"111\" src=\"https:\/\/molalalana.es\/tienda\/wp-content\/uploads\/Captura.jpg\" alt=\"\" class=\"wp-image-14347\" style=\"width:399px;height:83px\" srcset=\"https:\/\/molalalana.es\/tienda\/wp-content\/uploads\/Captura.jpg 534w, https:\/\/molalalana.es\/tienda\/wp-content\/uploads\/Captura-300x62.jpg 300w, https:\/\/molalalana.es\/tienda\/wp-content\/uploads\/Captura-441x92.jpg 441w, https:\/\/molalalana.es\/tienda\/wp-content\/uploads\/Captura-150x31.jpg 150w\" sizes=\"(max-width: 534px) 100vw, 534px\" \/><\/figure>\n\n\n\n<h2 class=\"wp-block-heading\">PROYECTOS REALIZADOS<\/h2>\n\n\n\n<figure class=\"wp-block-gallery has-nested-images columns-default is-cropped wp-block-gallery-1 is-layout-flex wp-block-gallery-is-layout-flex\">\n<figure class=\"wp-block-image size-large\"><img decoding=\"async\" width=\"683\" height=\"1024\" data-id=\"13910\" src=\"https:\/\/molalalana.es\/tienda\/wp-content\/uploads\/1C-4-683x1024.webp\" alt=\"\" class=\"wp-image-13910\" srcset=\"https:\/\/molalalana.es\/tienda\/wp-content\/uploads\/1C-4-683x1024.webp 683w, https:\/\/molalalana.es\/tienda\/wp-content\/uploads\/1C-4-200x300.webp 200w, https:\/\/molalalana.es\/tienda\/wp-content\/uploads\/1C-4-768x1152.webp 768w, https:\/\/molalalana.es\/tienda\/wp-content\/uploads\/1C-4-1024x1536.webp 1024w, https:\/\/molalalana.es\/tienda\/wp-content\/uploads\/1C-4-990x1485.webp 990w, https:\/\/molalalana.es\/tienda\/wp-content\/uploads\/1C-4-441x661.webp 441w, https:\/\/molalalana.es\/tienda\/wp-content\/uploads\/1C-4-900x1350.webp 900w, https:\/\/molalalana.es\/tienda\/wp-content\/uploads\/1C-4-150x225.webp 150w, https:\/\/molalalana.es\/tienda\/wp-content\/uploads\/1C-4.webp 1147w\" sizes=\"(max-width: 683px) 100vw, 683px\" \/><\/figure>\n\n\n\n<figure class=\"wp-block-image size-large\"><img decoding=\"async\" width=\"1024\" height=\"683\" data-id=\"13908\" src=\"https:\/\/molalalana.es\/tienda\/wp-content\/uploads\/1A-5-1024x683.webp\" alt=\"\" class=\"wp-image-13908\" srcset=\"https:\/\/molalalana.es\/tienda\/wp-content\/uploads\/1A-5-1024x683.webp 1024w, https:\/\/molalalana.es\/tienda\/wp-content\/uploads\/1A-5-300x200.webp 300w, https:\/\/molalalana.es\/tienda\/wp-content\/uploads\/1A-5-768x512.webp 768w, https:\/\/molalalana.es\/tienda\/wp-content\/uploads\/1A-5-1536x1024.webp 1536w, https:\/\/molalalana.es\/tienda\/wp-content\/uploads\/1A-5-990x660.webp 990w, https:\/\/molalalana.es\/tienda\/wp-content\/uploads\/1A-5-441x294.webp 441w, https:\/\/molalalana.es\/tienda\/wp-content\/uploads\/1A-5-1320x880.webp 1320w, https:\/\/molalalana.es\/tienda\/wp-content\/uploads\/1A-5-900x600.webp 900w, https:\/\/molalalana.es\/tienda\/wp-content\/uploads\/1A-5-150x100.webp 150w, https:\/\/molalalana.es\/tienda\/wp-content\/uploads\/1A-5.webp 1720w\" sizes=\"(max-width: 1024px) 100vw, 1024px\" \/><\/figure>\n<\/figure>\n","protected":false},"excerpt":{"rendered":"<p>Katia Merino Aran Sunrise es una lana compuesta por una mezcla de Merino Superwash y acr\u00edlico. Su estampado multicolor en tonos vibrantes y radiantes a\u00f1ade alegr\u00eda y vitalidad a tus prendas de oto\u00f1o e invierno. Tus labores tendr\u00e1n un dise\u00f1o de rayas en m\u00faltiples colores. Es suave, resistente y c\u00e1lida, ofreciendo comodidad y estilo en cada puntada. Esta lana es perfectamente combinable con Katia Merino Aran, lo que te brinda a\u00fan m\u00e1s posibilidades creativas. Puedes mezclar y combinar los colores de ambas lanas para crear dise\u00f1os originales y personalizados. Ya sea que desees tejer un su\u00e9ter acogedor, un chal elegante o unos c\u00e1lidos accesorios de invierno, Katia Merino Aran Sunrise a\u00f1adir\u00e1 un toque de originalidad y vitalidad a tus creaciones.<\/p>\n","protected":false},"featured_media":13923,"comment_status":"open","ping_status":"open","template":"","meta":[],"product_brand":[],"product_cat":[20],"product_tag":[3053,3054,244,235],"class_list":{"0":"post-14321","1":"product","2":"type-product","3":"status-publish","4":"has-post-thumbnail","6":"product_cat-lanas","7":"product_tag-lana","8":"product_tag-merino","9":"product_tag-multicolor","10":"product_tag-suave","11":"pa_color-300-visones-tejas-jeans","12":"pa_color-301-petrol-naranja-pistacho","13":"pa_color-302-azules-naranja-rojo","14":"pa_color-303-rojizos-pistacho-amarillo","15":"pa_color-304-lilas-rosas-lima","16":"pa_color-305-marrones-naranja-ocre","17":"pa_color-306-fucsias-azulina-ocre","18":"pa_color-307-azules-verdes-ocre","19":"pa_color-308-cobre-azul-caqui","20":"pa_color-309-lila-verde-rojo","21":"pa_composicion-52-lana-virgen-48-acrilico","22":"pa_marca-katia","23":"pa_temporada-otono-invierno","25":"first","26":"instock","27":"taxable","28":"shipping-taxable","29":"purchasable","30":"product-type-variable","31":"has-default-attributes"},"_links":{"self":[{"href":"https:\/\/molalalana.es\/tienda\/wp-json\/wp\/v2\/product\/14321","targetHints":{"allow":["GET"]}}],"collection":[{"href":"https:\/\/molalalana.es\/tienda\/wp-json\/wp\/v2\/product"}],"about":[{"href":"https:\/\/molalalana.es\/tienda\/wp-json\/wp\/v2\/types\/product"}],"replies":[{"embeddable":true,"href":"https:\/\/molalalana.es\/tienda\/wp-json\/wp\/v2\/comments?post=14321"}],"wp:featuredmedia":[{"embeddable":true,"href":"https:\/\/molalalana.es\/tienda\/wp-json\/wp\/v2\/media\/13923"}],"wp:attachment":[{"href":"https:\/\/molalalana.es\/tienda\/wp-json\/wp\/v2\/media?parent=14321"}],"wp:term":[{"taxonomy":"product_brand","embeddable":true,"href":"https:\/\/molalalana.es\/tienda\/wp-json\/wp\/v2\/product_brand?post=14321"},{"taxonomy":"product_cat","embeddable":true,"href":"https:\/\/molalalana.es\/tienda\/wp-json\/wp\/v2\/product_cat?post=14321"},{"taxonomy":"product_tag","embeddable":true,"href":"https:\/\/molalalana.es\/tienda\/wp-json\/wp\/v2\/product_tag?post=14321"}],"curies":[{"name":"wp","href":"https:\/\/api.w.org\/{rel}","templated":true}]}}