{"id":17262,"date":"2024-11-12T20:39:49","date_gmt":"2024-11-12T18:39:49","guid":{"rendered":"https:\/\/molalalana.es\/tienda\/?post_type=product&#038;p=17262"},"modified":"2025-09-10T22:21:40","modified_gmt":"2025-09-10T20:21:40","slug":"cable-intercambiable-agujas-circulares","status":"publish","type":"product","link":"https:\/\/molalalana.es\/tienda\/tienda\/cable-intercambiable-agujas-circulares\/","title":{"rendered":"CABLE INTERCAMBIABLE AGUJAS CIRCULARES"},"content":{"rendered":"\n<p>Cable para agujas intercambiables con sistema de fijaci\u00f3n roscado disponible en diferentes longitudes (clica en el desplegable). Este set incluye una peque\u00f1a llave de fijaci\u00f3n para apretar la rosca de uni\u00f3n entre el cable y las agujas. Tambi\u00e9n contiene dos topes para puntos o tapones de rosca para mantener tus labores en espera. Sustituye las agujas por estos topes de pl\u00e1stico para evitar que los puntos se salgan y se deshagan. Combina las diferentes longintudes de cable con la amplia variedad de grosores de agujas circulares intercambiables para tejer todo tipo de proyectos. Utiliza tus agujas circulares tanto para tejer en plano, es decir, en filas de ida y vuelta, como en circular, gracias a la resistencia y flexibilidad del cable.<\/p>\n\n\n\n<p>Nota: Los cables sin agujas tienen medidas de 20, 35, 56, 76, 94 y 126 cm, respectivamente. Las medidas de los cables de 60, 80, 100, 120 y 150 cm corresponden a la longitud aproximada al unir agujas est\u00e1ndar al cable.<\/p>\n\n\n\n<h2 class=\"wp-block-heading\">CARACTER\u00cdSTICAS T\u00c9CNICAS<\/h2>\n\n\n\n<ul class=\"wp-block-list\">\n<li>de 20 a 40 cm: El cable mide 20 cm. Con las puntas de aguja consigues 40 cm.<\/li>\n\n\n\n<li>de 35 a 60 cm: El cable mide 35 cm. Con las puntas de aguja consigues 60 cm.<\/li>\n\n\n\n<li>de 56 a 80 cm: El cable mide 56 cm. Con las puntas de aguja consigues 80 cm.<\/li>\n\n\n\n<li>de 76 a 100 cm: El cable mide 76 cm. Con las puntas de aguja consigues 100 cm.<\/li>\n\n\n\n<li>de 94 a 120 cm: El cable mide 94 cm. Con las puntas de aguja consigues 120 cm.<\/li>\n\n\n\n<li>de 126 a 150 cm: El cable mide 126 cm. Con las puntas de aguja consigues 150 cm.<\/li>\n<\/ul>\n\n\n\n<p>Utilizalos con las<a href=\"https:\/\/molalalana.es\/tienda\/tienda\/agujas-circulares-intercambiables\/\" data-type=\"product\" data-id=\"17246\"> agujas intercambiables de Katia<\/a> o <a href=\"https:\/\/molalalana.es\/tienda\/tienda\/agujas-circulares-knit-pro-zing\/\" data-type=\"product\" data-id=\"10353\">AGUJAS CIRCULARES KNIT PRO ZING<\/a><\/p>\n\n\n\n<p><\/p>\n","protected":false},"excerpt":{"rendered":"<p>Cables intercambiables para agujas circulares Katia. Sujeta el cable a la punta de aguja por los extremos, eligiendo las medidas que sean necesarias y trabaja tu labor.<\/p>\n","protected":false},"featured_media":17212,"comment_status":"open","ping_status":"closed","template":"","meta":[],"product_brand":[],"product_cat":[2143,23,1699],"product_tag":[3310,3318],"class_list":{"0":"post-17262","1":"product","2":"type-product","3":"status-publish","4":"has-post-thumbnail","6":"product_cat-agujas-circulares","7":"product_cat-accesorios","8":"product_cat-agujas","9":"product_tag-agujas-circulares","10":"product_tag-cable","11":"pa_medida-100cm","12":"pa_medida-120cm","13":"pa_medida-150cm","14":"pa_medida-40cm","15":"pa_medida-60cm","16":"pa_medida-80cm","18":"first","19":"instock","20":"taxable","21":"shipping-taxable","22":"purchasable","23":"product-type-variable"},"_links":{"self":[{"href":"https:\/\/molalalana.es\/tienda\/wp-json\/wp\/v2\/product\/17262","targetHints":{"allow":["GET"]}}],"collection":[{"href":"https:\/\/molalalana.es\/tienda\/wp-json\/wp\/v2\/product"}],"about":[{"href":"https:\/\/molalalana.es\/tienda\/wp-json\/wp\/v2\/types\/product"}],"replies":[{"embeddable":true,"href":"https:\/\/molalalana.es\/tienda\/wp-json\/wp\/v2\/comments?post=17262"}],"wp:featuredmedia":[{"embeddable":true,"href":"https:\/\/molalalana.es\/tienda\/wp-json\/wp\/v2\/media\/17212"}],"wp:attachment":[{"href":"https:\/\/molalalana.es\/tienda\/wp-json\/wp\/v2\/media?parent=17262"}],"wp:term":[{"taxonomy":"product_brand","embeddable":true,"href":"https:\/\/molalalana.es\/tienda\/wp-json\/wp\/v2\/product_brand?post=17262"},{"taxonomy":"product_cat","embeddable":true,"href":"https:\/\/molalalana.es\/tienda\/wp-json\/wp\/v2\/product_cat?post=17262"},{"taxonomy":"product_tag","embeddable":true,"href":"https:\/\/molalalana.es\/tienda\/wp-json\/wp\/v2\/product_tag?post=17262"}],"curies":[{"name":"wp","href":"https:\/\/api.w.org\/{rel}","templated":true}]}}