{"id":17815,"date":"2025-08-18T20:41:52","date_gmt":"2025-08-18T18:41:52","guid":{"rendered":"https:\/\/molalalana.es\/tienda\/?post_type=product&#038;p=17815"},"modified":"2026-02-17T21:03:07","modified_gmt":"2026-02-17T19:03:07","slug":"katia-holi","status":"publish","type":"product","link":"https:\/\/molalalana.es\/tienda\/tienda\/katia-holi\/","title":{"rendered":"KATIA HOLI"},"content":{"rendered":"\n<h2 class=\"wp-block-heading\"><\/h2>\n\n\n\n<p><strong>Katia Holi<\/strong> es un hilo \u00fanico en formato <em>cake<\/em> de 200 g y 600mts, dise\u00f1ado especialmente para quienes buscan <strong>ovillos degradados<\/strong> con un efecto visual impactante y suave al mismo tiempo. Gracias a su transici\u00f3n de color perfecta, cada proyecto tejido se convierte en una pieza multicolor y llena de estilo.<\/p>\n\n\n\n<p>La innovadora mezcla de <strong>lana, acr\u00edlico y poliamida<\/strong> ofrece lo mejor de cada fibra:<\/p>\n\n\n\n<ul class=\"wp-block-list\">\n<li><strong>Consistencia y resistencia<\/strong>, para que tus labores duren mucho m\u00e1s.<\/li>\n\n\n\n<li> <strong>Suavidad y esponjosidad<\/strong>, ideales para prendas de uso diario.<\/li>\n\n\n\n<li> <strong>Efecto peluche sutil<\/strong>, en plena tendencia de moda.<\/li>\n<\/ul>\n\n\n\n<p>Con un solo ovillo podr\u00e1s tejer una <strong>bufanda de lana degradada<\/strong>, un <strong>chal multicolor de crochet<\/strong> o cualquier accesorio que quieras convertir en una prenda \u00fanica.<\/p>\n\n\n\n<h2 class=\"wp-block-heading\"><\/h2>\n\n\n\n<h3 class=\"wp-block-heading\">\u00bfPor qu\u00e9 elegir Katia Holi?<\/h3>\n\n\n\n<ul class=\"wp-block-list\">\n<li>Ovillos grandes de 200 g  y 600mts con degradado perfecto.<\/li>\n\n\n\n<li> Hilo multicolor para tejer o crochetear sin cortes de color.<\/li>\n\n\n\n<li> Acabado moderno, suave y con un delicado efecto peluche.<\/li>\n\n\n\n<li> Ideal tanto para principiantes como para expertas en punto o ganchillo.<\/li>\n<\/ul>\n\n\n\n<h2 class=\"wp-block-heading\"><strong>Caracter\u00edsticas de Katia Holi<\/strong>:<\/h2>\n\n\n\n<h2 class=\"wp-block-heading\"><\/h2>\n\n\n\n<ul class=\"wp-block-list\">\n<li>Composici\u00f3n: 42% Poliamida \u00b7 29% Acr\u00edlico \u00b7 29% Lana<\/li>\n\n\n\n<li>Presentaci\u00f3n: Ovillo grande de 200 g y 660 m<\/li>\n\n\n\n<li>Grosor adecuado para tejer con agujas de 4 a 4,5 mm o con ganchillo de 4,5 a 5 mm.<\/li>\n\n\n\n<li>Muestra de tensi\u00f3n de 10 x 10 cm = 21 puntos y 29 vueltas.<\/li>\n\n\n\n<li>Lavar a m\u00e1ximo 30\u00baC.<\/li>\n\n\n\n<li>No usar secadora.<\/li>\n\n\n\n<li><\/li>\n<\/ul>\n\n\n\n<figure class=\"wp-block-image size-full is-resized\"><img fetchpriority=\"high\" decoding=\"async\" width=\"617\" height=\"154\" src=\"https:\/\/molalalana.es\/tienda\/wp-content\/uploads\/2025\/08\/Captura-1.webp\" alt=\"\" class=\"wp-image-17816\" style=\"width:585px;height:auto\" srcset=\"https:\/\/molalalana.es\/tienda\/wp-content\/uploads\/2025\/08\/Captura-1.webp 617w, https:\/\/molalalana.es\/tienda\/wp-content\/uploads\/2025\/08\/Captura-1-300x75.webp 300w, https:\/\/molalalana.es\/tienda\/wp-content\/uploads\/2025\/08\/Captura-1-441x110.webp 441w, https:\/\/molalalana.es\/tienda\/wp-content\/uploads\/2025\/08\/Captura-1-150x37.webp 150w\" sizes=\"(max-width: 617px) 100vw, 617px\" \/><\/figure>\n\n\n\n<h2 class=\"wp-block-heading\">Cu\u00e1ntos ovillos necesito para tejer mis labores?<\/h2>\n\n\n\n<ul class=\"wp-block-list\">\n<li>Con solo\u00a0<strong>un ovillo<\/strong>\u00a0puedes tejer un chal amplio y vistoso.<\/li>\n\n\n\n<li>Con\u00a0<strong>dos ovillos<\/strong>, tienes suficiente para un jersey de la talla 42.<\/li>\n<\/ul>\n\n\n\n<figure class=\"wp-block-gallery has-nested-images columns-default is-cropped wp-block-gallery-1 is-layout-flex wp-block-gallery-is-layout-flex\">\n<figure class=\"wp-block-image size-large\"><img decoding=\"async\" width=\"900\" height=\"900\" data-id=\"17827\" src=\"https:\/\/molalalana.es\/tienda\/wp-content\/uploads\/2025\/08\/lana-hilo-holi-tejer-poliamida-acrilico-lana-otono-invierno-katia-01-fhd-2.webp\" alt=\"\" class=\"wp-image-17827\" srcset=\"https:\/\/molalalana.es\/tienda\/wp-content\/uploads\/2025\/08\/lana-hilo-holi-tejer-poliamida-acrilico-lana-otono-invierno-katia-01-fhd-2.webp 900w, https:\/\/molalalana.es\/tienda\/wp-content\/uploads\/2025\/08\/lana-hilo-holi-tejer-poliamida-acrilico-lana-otono-invierno-katia-01-fhd-2-300x300.webp 300w, https:\/\/molalalana.es\/tienda\/wp-content\/uploads\/2025\/08\/lana-hilo-holi-tejer-poliamida-acrilico-lana-otono-invierno-katia-01-fhd-2-150x150.webp 150w, https:\/\/molalalana.es\/tienda\/wp-content\/uploads\/2025\/08\/lana-hilo-holi-tejer-poliamida-acrilico-lana-otono-invierno-katia-01-fhd-2-768x768.webp 768w, https:\/\/molalalana.es\/tienda\/wp-content\/uploads\/2025\/08\/lana-hilo-holi-tejer-poliamida-acrilico-lana-otono-invierno-katia-01-fhd-2-441x441.webp 441w, https:\/\/molalalana.es\/tienda\/wp-content\/uploads\/2025\/08\/lana-hilo-holi-tejer-poliamida-acrilico-lana-otono-invierno-katia-01-fhd-2-650x650.webp 650w\" sizes=\"(max-width: 900px) 100vw, 900px\" \/><\/figure>\n\n\n\n<figure class=\"wp-block-image size-large\"><img decoding=\"async\" width=\"376\" height=\"376\" data-id=\"17828\" src=\"https:\/\/molalalana.es\/tienda\/wp-content\/uploads\/2025\/08\/patron-tejer-punto-ganchillo-mujer-chal-otono-invierno-katia-8042-460-p.webp\" alt=\"\" class=\"wp-image-17828\" srcset=\"https:\/\/molalalana.es\/tienda\/wp-content\/uploads\/2025\/08\/patron-tejer-punto-ganchillo-mujer-chal-otono-invierno-katia-8042-460-p.webp 376w, https:\/\/molalalana.es\/tienda\/wp-content\/uploads\/2025\/08\/patron-tejer-punto-ganchillo-mujer-chal-otono-invierno-katia-8042-460-p-300x300.webp 300w, https:\/\/molalalana.es\/tienda\/wp-content\/uploads\/2025\/08\/patron-tejer-punto-ganchillo-mujer-chal-otono-invierno-katia-8042-460-p-150x150.webp 150w\" sizes=\"(max-width: 376px) 100vw, 376px\" \/><\/figure>\n<\/figure>\n\n\n\n<p><\/p>\n","protected":false},"excerpt":{"rendered":"<p>Atr\u00e9vete a dar vida a tus proyectos y crea con Katia Holi, el hilo multicolor degradado que transformar\u00e1 tus labores en piezas originales y \u00fanicas. Ovillo grande de 200 g y 660 m Perfecto para bufandas, chales, jers\u00e9is, y todo tipo de prendas envolventes con un toque moderno y colorido.<\/p>\n","protected":false},"featured_media":17824,"comment_status":"open","ping_status":"closed","template":"","meta":[],"product_brand":[],"product_cat":[20,3340],"product_tag":[1851,244,3403,235],"class_list":{"0":"post-17815","1":"product","2":"type-product","3":"status-publish","4":"has-post-thumbnail","6":"product_cat-lanas","7":"product_cat-invierno","8":"product_tag-cake","9":"product_tag-multicolor","10":"product_tag-ovillo-grande","11":"product_tag-suave","12":"pa_color-501-azul-agua-rosa","13":"pa_color-502-rojo-teja-negro","14":"pa_color-503-verde-camel-azul","15":"pa_color-504-caqui-naranja-rosa","16":"pa_color-505-petroleo-ocre-rojo","17":"pa_color-506-petroleo-morado","18":"pa_composicion-42-poliamida-29-acrilico-29-lana","19":"pa_marca-katia","20":"pa_temporada-otono-invierno","22":"first","23":"instock","24":"taxable","25":"shipping-taxable","26":"purchasable","27":"product-type-variable"},"_links":{"self":[{"href":"https:\/\/molalalana.es\/tienda\/wp-json\/wp\/v2\/product\/17815","targetHints":{"allow":["GET"]}}],"collection":[{"href":"https:\/\/molalalana.es\/tienda\/wp-json\/wp\/v2\/product"}],"about":[{"href":"https:\/\/molalalana.es\/tienda\/wp-json\/wp\/v2\/types\/product"}],"replies":[{"embeddable":true,"href":"https:\/\/molalalana.es\/tienda\/wp-json\/wp\/v2\/comments?post=17815"}],"wp:featuredmedia":[{"embeddable":true,"href":"https:\/\/molalalana.es\/tienda\/wp-json\/wp\/v2\/media\/17824"}],"wp:attachment":[{"href":"https:\/\/molalalana.es\/tienda\/wp-json\/wp\/v2\/media?parent=17815"}],"wp:term":[{"taxonomy":"product_brand","embeddable":true,"href":"https:\/\/molalalana.es\/tienda\/wp-json\/wp\/v2\/product_brand?post=17815"},{"taxonomy":"product_cat","embeddable":true,"href":"https:\/\/molalalana.es\/tienda\/wp-json\/wp\/v2\/product_cat?post=17815"},{"taxonomy":"product_tag","embeddable":true,"href":"https:\/\/molalalana.es\/tienda\/wp-json\/wp\/v2\/product_tag?post=17815"}],"curies":[{"name":"wp","href":"https:\/\/api.w.org\/{rel}","templated":true}]}}