{"id":17860,"date":"2025-08-19T11:13:21","date_gmt":"2025-08-19T09:13:21","guid":{"rendered":"https:\/\/molalalana.es\/tienda\/?post_type=product&#038;p=17860"},"modified":"2026-04-09T11:54:55","modified_gmt":"2026-04-09T09:54:55","slug":"katia-paint-lover","status":"publish","type":"product","link":"https:\/\/molalalana.es\/tienda\/tienda\/katia-paint-lover\/","title":{"rendered":"KATIA PAINT LOVER"},"content":{"rendered":"\n<p>Un ovillo XL para dejar volar tu creatividad<\/p>\n\n\n\n<p>Descubre <strong>Katia Paint Lover<\/strong>, el ovillo de 400 gramos Y 1064 mts. con el que podr\u00e1s tejer una prenda completa sin cortes ni uniones. Su mezcla suave de <strong>lana y acr\u00edlico<\/strong> combina calidez, ligereza y resistencia, convirti\u00e9ndolo en la opci\u00f3n ideal para proyectos c\u00f3modos y duraderos.<\/p>\n\n\n\n<p>Cada ovillo esconde un <strong>efecto degradado espectacular<\/strong> que se transforma en tu labor punto a punto, creando piezas \u00fanicas sin necesidad de complicados cambios de color.<\/p>\n\n\n\n<p>Con un solo ovillo podr\u00e1s tejer:<\/p>\n\n\n\n<ul class=\"wp-block-list\">\n<li>Un <strong>chal amplio y envolvente<\/strong><\/li>\n\n\n\n<li>Una <strong>bufanda infinita<\/strong> de doble vuelta<\/li>\n\n\n\n<li>Un <strong>poncho ligero o chaleco boho<\/strong><\/li>\n\n\n\n<li>Incluso un <strong>jersey oversize<\/strong> en tallas peque\u00f1as o medianas<\/li>\n<\/ul>\n\n\n\n<h2 class=\"wp-block-heading\">Caracter\u00edsticas de Katia Paint Lover:<\/h2>\n\n\n\n<ul class=\"wp-block-list\">\n<li>Composici\u00f3n: 70% Acr\u00edlico &#8211; 30% Lana<\/li>\n\n\n\n<li>Cada ovillo contiene 400 gramos y 1064 metros.<\/li>\n\n\n\n<li>Grosor recomendado para agujas de\u00a0punto de 4 a 4,5 mm o para ganchillo de 4,5 a 5 mm.<\/li>\n\n\n\n<li>Muestra de tensi\u00f3n: 18 puntos y 24 vueltas para 10 x 10 cm<\/li>\n\n\n\n<li>Lavar a m\u00e1ximo 30\u00baC.<\/li>\n\n\n\n<li>Planchar a temperatura suave.<\/li>\n\n\n\n<li>No usar secadora.<\/li>\n\n\n\n<li>\u00bfCu\u00e1ntos ovillos necesito para tejer mis labores?<\/li>\n\n\n\n<li>Para tejer un jersey de la talla 42 se necesita 1 ovillo.<\/li>\n<\/ul>\n\n\n\n<figure class=\"wp-block-image size-full\"><img fetchpriority=\"high\" decoding=\"async\" width=\"603\" height=\"114\" src=\"https:\/\/molalalana.es\/tienda\/wp-content\/uploads\/2025\/08\/Captura-4.webp\" alt=\"\" class=\"wp-image-17861\" srcset=\"https:\/\/molalalana.es\/tienda\/wp-content\/uploads\/2025\/08\/Captura-4.webp 603w, https:\/\/molalalana.es\/tienda\/wp-content\/uploads\/2025\/08\/Captura-4-300x57.webp 300w, https:\/\/molalalana.es\/tienda\/wp-content\/uploads\/2025\/08\/Captura-4-441x83.webp 441w, https:\/\/molalalana.es\/tienda\/wp-content\/uploads\/2025\/08\/Captura-4-150x28.webp 150w\" sizes=\"(max-width: 603px) 100vw, 603px\" \/><\/figure>\n\n\n\n<p>Disponible en una gama de colores vibrantes y arm\u00f3nicos que har\u00e1n de cada proyecto una obra especial.<\/p>\n\n\n\n<p>Deja que la lana fluya y disfruta del placer de tejer con <strong>Katia Paint Lover<\/strong>. \u00a1Todo lo que necesitas, en un solo ovillo!<\/p>\n\n\n\n<figure class=\"wp-block-gallery has-nested-images columns-default is-cropped wp-block-gallery-1 is-layout-flex wp-block-gallery-is-layout-flex\">\n<figure class=\"wp-block-image size-large\"><img decoding=\"async\" width=\"257\" height=\"377\" data-id=\"17862\" src=\"https:\/\/molalalana.es\/tienda\/wp-content\/uploads\/2025\/08\/modelo-mujer.webp\" alt=\"\" class=\"wp-image-17862\" srcset=\"https:\/\/molalalana.es\/tienda\/wp-content\/uploads\/2025\/08\/modelo-mujer.webp 257w, https:\/\/molalalana.es\/tienda\/wp-content\/uploads\/2025\/08\/modelo-mujer-205x300.webp 205w, https:\/\/molalalana.es\/tienda\/wp-content\/uploads\/2025\/08\/modelo-mujer-150x220.webp 150w\" sizes=\"(max-width: 257px) 100vw, 257px\" \/><\/figure>\n\n\n\n<figure class=\"wp-block-image size-large\"><img decoding=\"async\" width=\"263\" height=\"368\" data-id=\"17863\" src=\"https:\/\/molalalana.es\/tienda\/wp-content\/uploads\/2025\/08\/modelo-nina.webp\" alt=\"\" class=\"wp-image-17863\" srcset=\"https:\/\/molalalana.es\/tienda\/wp-content\/uploads\/2025\/08\/modelo-nina.webp 263w, https:\/\/molalalana.es\/tienda\/wp-content\/uploads\/2025\/08\/modelo-nina-214x300.webp 214w, https:\/\/molalalana.es\/tienda\/wp-content\/uploads\/2025\/08\/modelo-nina-150x210.webp 150w\" sizes=\"(max-width: 263px) 100vw, 263px\" \/><\/figure>\n<\/figure>\n","protected":false},"excerpt":{"rendered":"<p>El Katia Paint Lover es un ovillo realmente pensado para proyectos grandes y vistosos. Sus 400 gramos permiten tejer una prenda completa (como un chal, un jersey o incluso una manta ligera) sin necesidad de unir hebras, lo que garantiza un tejido limpio y con un degradado natural muy llamativo.<\/p>\n","protected":false},"featured_media":17866,"comment_status":"open","ping_status":"closed","template":"","meta":[],"product_brand":[],"product_cat":[20,3340],"product_tag":[244,3403,235],"class_list":{"0":"post-17860","1":"product","2":"type-product","3":"status-publish","4":"has-post-thumbnail","6":"product_cat-lanas","7":"product_cat-invierno","8":"product_tag-multicolor","9":"product_tag-ovillo-grande","10":"product_tag-suave","11":"pa_color-500-azul-pistacho","12":"pa_color-501-lila-rojo-amarillo","13":"pa_color-502-coral-naranja-verde","14":"pa_color-503-teja-gris-tejano","15":"pa_color-504-rojo-camel-negro","16":"pa_color-505-rosa-azul-petroleo","17":"pa_composicion-70-acrilico-30-lana","18":"pa_familia-lanas","19":"pa_marca-katia","20":"pa_temporada-otono-invierno","22":"first","23":"instock","24":"taxable","25":"shipping-taxable","26":"purchasable","27":"product-type-variable"},"_links":{"self":[{"href":"https:\/\/molalalana.es\/tienda\/wp-json\/wp\/v2\/product\/17860","targetHints":{"allow":["GET"]}}],"collection":[{"href":"https:\/\/molalalana.es\/tienda\/wp-json\/wp\/v2\/product"}],"about":[{"href":"https:\/\/molalalana.es\/tienda\/wp-json\/wp\/v2\/types\/product"}],"replies":[{"embeddable":true,"href":"https:\/\/molalalana.es\/tienda\/wp-json\/wp\/v2\/comments?post=17860"}],"wp:featuredmedia":[{"embeddable":true,"href":"https:\/\/molalalana.es\/tienda\/wp-json\/wp\/v2\/media\/17866"}],"wp:attachment":[{"href":"https:\/\/molalalana.es\/tienda\/wp-json\/wp\/v2\/media?parent=17860"}],"wp:term":[{"taxonomy":"product_brand","embeddable":true,"href":"https:\/\/molalalana.es\/tienda\/wp-json\/wp\/v2\/product_brand?post=17860"},{"taxonomy":"product_cat","embeddable":true,"href":"https:\/\/molalalana.es\/tienda\/wp-json\/wp\/v2\/product_cat?post=17860"},{"taxonomy":"product_tag","embeddable":true,"href":"https:\/\/molalalana.es\/tienda\/wp-json\/wp\/v2\/product_tag?post=17860"}],"curies":[{"name":"wp","href":"https:\/\/api.w.org\/{rel}","templated":true}]}}