{"id":5733,"date":"2022-02-19T13:54:58","date_gmt":"2022-02-19T13:54:58","guid":{"rendered":"https:\/\/molalalana.es\/tenda\/producto\/varanasi\/"},"modified":"2024-11-15T21:14:30","modified_gmt":"2024-11-15T19:14:30","slug":"varanasi","status":"publish","type":"product","link":"https:\/\/molalalana.es\/tienda\/tienda\/varanasi\/","title":{"rendered":"VARANASI"},"content":{"rendered":"<p>Ovillo de 150 gramos perfecto para tejer bonitos chales estampados. Descubre los distintos efectos multicolor escondidos en cada ovillo Varanasi, mientras tejes con aguja del 3,5 un bonito chal.na bufanda o un cuello. Es perfecta para trabajar proyectos alegres con los que abrigarte del fr\u00edo. Sus combinaciones de color forman tejidos rayados muy vistosos y originales.<\/p>\n\n<div class=\"jet-listing-dynamic-field-block\"data-is-block=\"jet-engine\/dynamic-field\"><div class=\"jet-listing jet-listing-dynamic-field display-inline\"><div class=\"jet-listing-dynamic-field__inline-wrap\"><div class=\"jet-listing-dynamic-field__content\"><div class=\"jet-engine-gallery-grid grid-col-desk-1 grid-col-tablet-3 grid-col-mobile-1\"><div class=\"jet-engine-gallery-grid__item\"><span class=\"jet-engine-gallery-grid__item-wrap jet-engine-gallery-item-wrap\"><img decoding=\"async\" src=\"https:\/\/molalalana.es\/tienda\/wp-content\/uploads\/2022\/02\/Caracteristicas-Varanasi.jpg\" alt=\"\" class=\"jet-engine-gallery-grid__item-img\"><\/span><\/div><\/div><\/div><\/div><\/div><\/div>\n\n\n<h2 class=\"wp-block-heading has-medium-font-size\">PROYECTOS REALIZADOS<\/h2>\n\n\n<div class=\"jet-listing-dynamic-field-block\"data-is-block=\"jet-engine\/dynamic-field\"><div class=\"jet-listing jet-listing-dynamic-field display-inline\"><div class=\"jet-listing-dynamic-field__inline-wrap\"><div class=\"jet-listing-dynamic-field__content\"><div class=\"jet-engine-gallery-grid grid-col-desk-3 grid-col-tablet-3 grid-col-mobile-1\"><div class=\"jet-engine-gallery-grid__item\"><span class=\"jet-engine-gallery-grid__item-wrap jet-engine-gallery-item-wrap\"><img decoding=\"async\" src=\"https:\/\/molalalana.es\/tienda\/wp-content\/uploads\/2022\/02\/Chal-estampado-mujer-varanasi.jpg\" alt=\"\" class=\"jet-engine-gallery-grid__item-img\"><\/span><\/div><div class=\"jet-engine-gallery-grid__item\"><span class=\"jet-engine-gallery-grid__item-wrap jet-engine-gallery-item-wrap\"><img decoding=\"async\" src=\"https:\/\/molalalana.es\/tienda\/wp-content\/uploads\/2022\/02\/Chaleco-Cerrado-Cuello-Alto-Varanasi.jpg\" alt=\"\" class=\"jet-engine-gallery-grid__item-img\"><\/span><\/div><\/div><\/div><\/div><\/div><\/div>\n\n\n<p><\/p>\n","protected":false},"excerpt":{"rendered":"<p>Gracias a que contiene un gran porcentaje de fibra acr\u00edlica, su cuidado es f\u00e1cil. Es una lana mucho m\u00e1s resistente, que no forma pelusas y bolitas en tus proyectos a pesar del uso y los lavados.<\/p>\n","protected":false},"featured_media":5353,"comment_status":"open","ping_status":"closed","template":"","meta":[],"product_brand":[],"product_cat":[20],"product_tag":[244],"class_list":{"0":"post-5733","1":"product","2":"type-product","3":"status-publish","4":"has-post-thumbnail","6":"product_cat-lanas","7":"product_tag-multicolor","8":"pa_color-301-verdes-tostados","9":"pa_color-302-petroleos-maquillaje","10":"pa_color-303-rosados-azules-ocre","11":"pa_color-304-rosados-camel-azules","12":"pa_color-305-vivos-marino","13":"pa_color-306-vivos-parchis","14":"pa_color-307-morados-verdosos","15":"pa_color-308-pasteles-morados","16":"pa_color-309-verdes-tostados","17":"pa_color-310-azules-verdes","18":"pa_composicion-52-lana-48-acrilico","19":"pa_marca-katia","20":"pa_temporada-otono-invierno","22":"first","23":"outofstock","24":"taxable","25":"shipping-taxable","26":"product-type-variable"},"_links":{"self":[{"href":"https:\/\/molalalana.es\/tienda\/wp-json\/wp\/v2\/product\/5733","targetHints":{"allow":["GET"]}}],"collection":[{"href":"https:\/\/molalalana.es\/tienda\/wp-json\/wp\/v2\/product"}],"about":[{"href":"https:\/\/molalalana.es\/tienda\/wp-json\/wp\/v2\/types\/product"}],"replies":[{"embeddable":true,"href":"https:\/\/molalalana.es\/tienda\/wp-json\/wp\/v2\/comments?post=5733"}],"wp:featuredmedia":[{"embeddable":true,"href":"https:\/\/molalalana.es\/tienda\/wp-json\/wp\/v2\/media\/5353"}],"wp:attachment":[{"href":"https:\/\/molalalana.es\/tienda\/wp-json\/wp\/v2\/media?parent=5733"}],"wp:term":[{"taxonomy":"product_brand","embeddable":true,"href":"https:\/\/molalalana.es\/tienda\/wp-json\/wp\/v2\/product_brand?post=5733"},{"taxonomy":"product_cat","embeddable":true,"href":"https:\/\/molalalana.es\/tienda\/wp-json\/wp\/v2\/product_cat?post=5733"},{"taxonomy":"product_tag","embeddable":true,"href":"https:\/\/molalalana.es\/tienda\/wp-json\/wp\/v2\/product_tag?post=5733"}],"curies":[{"name":"wp","href":"https:\/\/api.w.org\/{rel}","templated":true}]}}