{"id":6458,"date":"2022-04-25T10:58:58","date_gmt":"2022-04-25T10:58:58","guid":{"rendered":"https:\/\/molalalana.es\/tienda\/producto\/big-merino\/"},"modified":"2026-01-23T21:01:27","modified_gmt":"2026-01-23T19:01:27","slug":"big-merino","status":"publish","type":"product","link":"https:\/\/molalalana.es\/tienda\/tienda\/big-merino\/","title":{"rendered":"BIG MERINO"},"content":{"rendered":"<p>Lana gruesa con una amplia gama de colores ideal para todo tipo de patrones de punto y ganchillo. Big Merino es sensacional para jers\u00e9is de lana gruesos, chaquetas de invierno de mujer y gorros juveniles. Con esta lana b\u00e1sica se elaboran calentitas mantas para el sof\u00e1 y acogedores cojines.<\/p>\n\n\n<div class=\"wp-block-group is-layout-flow wp-block-group-is-layout-flow\">\n<h2 class=\"has-medium-font-size wp-block-heading\">Caracter\u00edsticas T\u00e9cnicas<\/h2>\n<\/div>\n\n\n<div class=\"jet-listing-dynamic-field-block\"data-is-block=\"jet-engine\/dynamic-field\"><div class=\"jet-listing jet-listing-dynamic-field display-inline\"><div class=\"jet-listing-dynamic-field__inline-wrap\"><div class=\"jet-listing-dynamic-field__content\">Cada ovillo tiene 50 gramos y 125 metros. Este hilo es de grosor fino, recomendamos usar agujas del 2,5-3 o ganchillo del 2,5. Para realizar un jersey de mujer de manga corta talla 42 se necesitan 9 ovillos. Para la muestra 10&#215;10 cm trabajar 26 puntos y 31 vueltas. Lavable a m\u00e1quina hasta 30\u00baC. No usar secadora.<\/div><\/div><\/div><\/div>\n\n<div class=\"jet-listing-dynamic-field-block\"data-is-block=\"jet-engine\/dynamic-field\"><div class=\"jet-listing jet-listing-dynamic-field display-inline\"><div class=\"jet-listing-dynamic-field__inline-wrap\"><div class=\"jet-listing-dynamic-field__content\"><div class=\"jet-engine-gallery-grid grid-col-desk-1 grid-col-tablet-3 grid-col-mobile-1\"><div class=\"jet-engine-gallery-grid__item\"><span class=\"jet-engine-gallery-grid__item-wrap jet-engine-gallery-item-wrap\"><img decoding=\"async\" src=\"https:\/\/molalalana.es\/tienda\/wp-content\/uploads\/2022\/04\/Caracteristicas-tecnicas-big-merino.jpg\" alt=\"\" class=\"jet-engine-gallery-grid__item-img\"><\/span><\/div><\/div><\/div><\/div><\/div><\/div>\n\n\n<h2 class=\"has-medium-font-size wp-block-heading\">Ejemplos realizados con esta lana<\/h2>\n\n\n<div class=\"jet-listing-dynamic-field-block\"data-is-block=\"jet-engine\/dynamic-field\"><div class=\"jet-listing jet-listing-dynamic-field display-inline\"><div class=\"jet-listing-dynamic-field__inline-wrap\"><div class=\"jet-listing-dynamic-field__content\"><div class=\"jet-engine-gallery-grid grid-col-desk-3 grid-col-tablet-3 grid-col-mobile-1\"><div class=\"jet-engine-gallery-grid__item\"><span class=\"jet-engine-gallery-grid__item-wrap jet-engine-gallery-item-wrap\"><img decoding=\"async\" src=\"https:\/\/molalalana.es\/tienda\/wp-content\/uploads\/2022\/04\/Bufanda-y-gorro-big-merino.jpg\" alt=\"\" class=\"jet-engine-gallery-grid__item-img\"><\/span><\/div><div class=\"jet-engine-gallery-grid__item\"><span class=\"jet-engine-gallery-grid__item-wrap jet-engine-gallery-item-wrap\"><img decoding=\"async\" src=\"https:\/\/molalalana.es\/tienda\/wp-content\/uploads\/2022\/04\/Abrigo-largo-cuadros-relieve-big-merino.jpg\" alt=\"\" class=\"jet-engine-gallery-grid__item-img\"><\/span><\/div><div class=\"jet-engine-gallery-grid__item\"><span class=\"jet-engine-gallery-grid__item-wrap jet-engine-gallery-item-wrap\"><img decoding=\"async\" src=\"https:\/\/molalalana.es\/tienda\/wp-content\/uploads\/2022\/04\/Pulover-con-rombos-big-merino.jpg\" alt=\"\" class=\"jet-engine-gallery-grid__item-img\"><\/span><\/div><\/div><\/div><\/div><\/div><\/div>","protected":false},"excerpt":{"rendered":"<p>Lana gruesa con un extenso surtido de colores para que tu puedas hacer la combinaci\u00f3n que imaginas.<\/p>\n","protected":false},"featured_media":6147,"comment_status":"open","ping_status":"closed","template":"","meta":[],"product_brand":[],"product_cat":[20],"product_tag":[1408,1407],"class_list":{"0":"post-6458","1":"product","2":"type-product","3":"status-publish","4":"has-post-thumbnail","6":"product_cat-lanas","7":"product_tag-cojines","8":"product_tag-gruesa","9":"pa_color-1-blanco","10":"pa_color-10-arena","11":"pa_color-11-perla","12":"pa_color-12-gris","13":"pa_color-13-gris-oscuro","14":"pa_color-14-azul","15":"pa_color-17-loden","16":"pa_color-18-pistacho","17":"pa_color-19-piedra","18":"pa_color-2-negro","19":"pa_color-20-vison","20":"pa_color-21-naranja","21":"pa_color-23-rubi","22":"pa_color-24-burdeos","23":"pa_color-3-crudo","24":"pa_color-30-mostaza","25":"pa_color-32-petroleo","26":"pa_color-39-tabaco","27":"pa_color-4-rojo","28":"pa_color-42-azul-gris","29":"pa_color-44-rosa-palo","30":"pa_color-45-canard","31":"pa_color-48-lila","32":"pa_color-49-terracota","33":"pa_color-5-marino","34":"pa_color-50-rata","35":"pa_color-51-crema","36":"pa_color-52-verde-sucio","37":"pa_color-53-verde-botella","38":"pa_color-54-camel","39":"pa_color-55-berenjena","40":"pa_color-56-rosado-oscuro","41":"pa_color-57-rosa-bebe","42":"pa_color-58-agua","43":"pa_color-7-marron","44":"pa_composicion-55-lana-virgen-45-acrilico","45":"pa_marca-katia","46":"pa_temporada-otono-invierno","48":"first","49":"instock","50":"taxable","51":"shipping-taxable","52":"purchasable","53":"product-type-variable"},"_links":{"self":[{"href":"https:\/\/molalalana.es\/tienda\/wp-json\/wp\/v2\/product\/6458","targetHints":{"allow":["GET"]}}],"collection":[{"href":"https:\/\/molalalana.es\/tienda\/wp-json\/wp\/v2\/product"}],"about":[{"href":"https:\/\/molalalana.es\/tienda\/wp-json\/wp\/v2\/types\/product"}],"replies":[{"embeddable":true,"href":"https:\/\/molalalana.es\/tienda\/wp-json\/wp\/v2\/comments?post=6458"}],"wp:featuredmedia":[{"embeddable":true,"href":"https:\/\/molalalana.es\/tienda\/wp-json\/wp\/v2\/media\/6147"}],"wp:attachment":[{"href":"https:\/\/molalalana.es\/tienda\/wp-json\/wp\/v2\/media?parent=6458"}],"wp:term":[{"taxonomy":"product_brand","embeddable":true,"href":"https:\/\/molalalana.es\/tienda\/wp-json\/wp\/v2\/product_brand?post=6458"},{"taxonomy":"product_cat","embeddable":true,"href":"https:\/\/molalalana.es\/tienda\/wp-json\/wp\/v2\/product_cat?post=6458"},{"taxonomy":"product_tag","embeddable":true,"href":"https:\/\/molalalana.es\/tienda\/wp-json\/wp\/v2\/product_tag?post=6458"}],"curies":[{"name":"wp","href":"https:\/\/api.w.org\/{rel}","templated":true}]}}