{"id":8757,"date":"2022-04-27T15:47:53","date_gmt":"2022-04-27T15:47:53","guid":{"rendered":"https:\/\/molalalana.es\/tienda\/producto\/gatsby\/"},"modified":"2026-02-13T14:20:47","modified_gmt":"2026-02-13T12:20:47","slug":"gatsby","status":"publish","type":"product","link":"https:\/\/molalalana.es\/tienda\/tienda\/gatsby\/","title":{"rendered":"GATSBY"},"content":{"rendered":"<p><strong>Katia Gatsby<\/strong>\u00a0es un hilo dise\u00f1ado para que tejas tus mejores prendas en tonos metalizados para fiesta y gala. Este hilo tiene un bonito toque de brillo, con el que tus labores quedar\u00e1n deslumbrantes, con un toque de purpurina.<\/p>\n<p>Si te gusta llevar puesto complementos relucientes, es perfecto para ti.<\/p>\n<p>Est\u00e1 disponible en una gran gama de colores, para que elijas con cual de ellos quieres tejer el jersey o top m\u00e1s elegante para\u00a0una noche de fiesta, o de qu\u00e9 color te gustar\u00eda que fuese el chal m\u00e1s deslumbrante de tu armario.<\/p>\n<p>Gatsby es muy utilizado para tejer chales elegantes, foulares, chalecos, bolsos o complementos como broches para colocar en tu ropa.<\/p>\n<h2>El hilo Katia Gatsby est\u00e1 compuesto por:<\/h2>\n<ul>\n<li>77% Viscosa<\/li>\n<li>15% Poliamida<\/li>\n<li>8% Poli\u00e9ster metalizado<\/li>\n<\/ul>\n<h2>CARACTERISTICAS TECNICAS<\/h2>\n<ul>\n<li>Cada ovillo contiene 50 gramos y 118 metros.<\/li>\n<li>Se recomienda tricotar con agujas de 3 &#8211; 3\u00bd mm.<\/li>\n<li>Para tejer un jersey de manga larga, de la talla 42, necesitas 9 ovillos.<\/li>\n<li>Para realizar una muestra de 10 x 10 cm\u00a0necesitas 25 puntos y 32 vueltas.<\/li>\n<li>Se recomienda lavar a mano tus prendas tejidas con Gatsby.<\/li>\n<li>Este hilo es apto para planchar a m\u00e1ximo 110\u00baC.<\/li>\n<\/ul>\n<p>Un hilo fino ideal para tus prendas y complementos brillantes, que podr\u00e1s utilizar en ocasiones especiales.<\/p>\n<p>\u00bfTe ha gustado\u00a0<strong>Katia Gatsby<\/strong>? \u00a1D\u00e9janos tu opini\u00f3n!<\/p>\n\n<div class=\"jet-listing-dynamic-field-block\"data-is-block=\"jet-engine\/dynamic-field\"><div class=\"jet-listing jet-listing-dynamic-field display-inline\"><div class=\"jet-listing-dynamic-field__inline-wrap\"><div class=\"jet-listing-dynamic-field__content\"><div class=\"jet-engine-gallery-grid grid-col-desk-1 grid-col-tablet-3 grid-col-mobile-1\"><div class=\"jet-engine-gallery-grid__item\"><span class=\"jet-engine-gallery-grid__item-wrap jet-engine-gallery-item-wrap\"><img decoding=\"async\" src=\"https:\/\/molalalana.es\/tienda\/wp-content\/uploads\/2022\/04\/especificaciones-tecnicas-gastsby.jpg\" alt=\"\" class=\"jet-engine-gallery-grid__item-img\"><\/span><\/div><\/div><\/div><\/div><\/div><\/div>\n\n\n<h2 class=\"wp-block-heading has-medium-font-size\">PROYECTOS REALIZADOS<\/h2>\n\n\n<div class=\"jet-listing-dynamic-field-block\"data-is-block=\"jet-engine\/dynamic-field\"><div class=\"jet-listing jet-listing-dynamic-field display-inline\"><div class=\"jet-listing-dynamic-field__inline-wrap\"><div class=\"jet-listing-dynamic-field__content\"><div class=\"jet-engine-gallery-grid grid-col-desk-3 grid-col-tablet-3 grid-col-mobile-1\"><div class=\"jet-engine-gallery-grid__item\"><span class=\"jet-engine-gallery-grid__item-wrap jet-engine-gallery-item-wrap\"><img decoding=\"async\" src=\"https:\/\/molalalana.es\/tienda\/wp-content\/uploads\/2022\/04\/Manton-a-ganchillo-con-lana-gatsby.jpg\" alt=\"\" class=\"jet-engine-gallery-grid__item-img\"><\/span><\/div><div class=\"jet-engine-gallery-grid__item\"><span class=\"jet-engine-gallery-grid__item-wrap jet-engine-gallery-item-wrap\"><img decoding=\"async\" src=\"https:\/\/molalalana.es\/tienda\/wp-content\/uploads\/2022\/04\/Chaleco-largo-lana-gatsby.jpg\" alt=\"\" class=\"jet-engine-gallery-grid__item-img\"><\/span><\/div><div class=\"jet-engine-gallery-grid__item\"><span class=\"jet-engine-gallery-grid__item-wrap jet-engine-gallery-item-wrap\"><img decoding=\"async\" src=\"https:\/\/molalalana.es\/tienda\/wp-content\/uploads\/2022\/04\/Tunica-a-crochet-lana-gatsby.jpg\" alt=\"\" class=\"jet-engine-gallery-grid__item-img\"><\/span><\/div><\/div><\/div><\/div><\/div><\/div>\n\n\n<p><\/p>\n","protected":false},"excerpt":{"rendered":"<p>Hilo de viscosa con efectos metalizados plateados y dorada con un toque de brillo.<\/p>\n","protected":false},"featured_media":8496,"comment_status":"open","ping_status":"closed","template":"","meta":[],"product_brand":[],"product_cat":[20],"product_tag":[1848,1846,1847],"class_list":{"0":"post-8757","1":"product","2":"type-product","3":"status-publish","4":"has-post-thumbnail","6":"product_cat-lanas","7":"product_tag-dorados","8":"product_tag-metalizados","9":"product_tag-plateados","10":"pa_color-20-oro-b-oro","11":"pa_color-21-rosa-b-plata","12":"pa_color-22-azul-claro-b-plata","13":"pa_color-4-rojo-b-oro","14":"pa_color-41-vison-b-plata","15":"pa_color-43-beige-claro-b-plata","16":"pa_color-45-tostado-b-oro","17":"pa_color-49-gris-perla-b-plata","18":"pa_color-51-gris-claro-b-oro","19":"pa_color-52-rosa-palo-b-plata","20":"pa_color-53-salmon-claro-b-plata","21":"pa_color-55-verde-agua-b-plata","22":"pa_color-56-verde-militar-b-oro","23":"pa_color-57-azulina-bplata","24":"pa_color-58-botella-b-oro","25":"pa_color-6-gris-medio-b-plata","26":"pa_color-7-gris-oscuro-b-plata","27":"pa_color-88500-blanco-plata","28":"pa_color-88502-negro-plata","29":"pa_color-88503-negro-oro","30":"pa_color-88504-crudo-oro","31":"pa_composicion-77-viscosa-15-poliamida-8-poliester","32":"pa_marca-katia","33":"pa_temporada-otono-invierno","35":"first","36":"instock","37":"taxable","38":"shipping-taxable","39":"purchasable","40":"product-type-variable","41":"has-default-attributes"},"_links":{"self":[{"href":"https:\/\/molalalana.es\/tienda\/wp-json\/wp\/v2\/product\/8757","targetHints":{"allow":["GET"]}}],"collection":[{"href":"https:\/\/molalalana.es\/tienda\/wp-json\/wp\/v2\/product"}],"about":[{"href":"https:\/\/molalalana.es\/tienda\/wp-json\/wp\/v2\/types\/product"}],"replies":[{"embeddable":true,"href":"https:\/\/molalalana.es\/tienda\/wp-json\/wp\/v2\/comments?post=8757"}],"wp:featuredmedia":[{"embeddable":true,"href":"https:\/\/molalalana.es\/tienda\/wp-json\/wp\/v2\/media\/8496"}],"wp:attachment":[{"href":"https:\/\/molalalana.es\/tienda\/wp-json\/wp\/v2\/media?parent=8757"}],"wp:term":[{"taxonomy":"product_brand","embeddable":true,"href":"https:\/\/molalalana.es\/tienda\/wp-json\/wp\/v2\/product_brand?post=8757"},{"taxonomy":"product_cat","embeddable":true,"href":"https:\/\/molalalana.es\/tienda\/wp-json\/wp\/v2\/product_cat?post=8757"},{"taxonomy":"product_tag","embeddable":true,"href":"https:\/\/molalalana.es\/tienda\/wp-json\/wp\/v2\/product_tag?post=8757"}],"curies":[{"name":"wp","href":"https:\/\/api.w.org\/{rel}","templated":true}]}}