{"id":9573,"date":"2022-04-28T10:01:47","date_gmt":"2022-04-28T10:01:47","guid":{"rendered":"https:\/\/molalalana.es\/tienda\/producto\/nido\/"},"modified":"2026-02-13T14:19:34","modified_gmt":"2026-02-13T12:19:34","slug":"nido","status":"publish","type":"product","link":"https:\/\/molalalana.es\/tienda\/tienda\/nido\/","title":{"rendered":"NIDO"},"content":{"rendered":"<p>Lana muy fina e hipoalerg\u00e9nica de colores claros y pastel. Hilo suave para rebecas de punto y c\u00f3modos peleles para los m\u00e1s peque\u00f1os. Nido es fabulosa para abrigar las pieles m\u00e1s sensibles en oto\u00f1o e invierno.<\/p>\n\n\n<h2 class=\"wp-block-heading\">CARACTERISTICAS TECNICAS<\/h2>\n\n\n\n<ul class=\"wp-block-list\">\n<li>Cada ovillo tiene 50 gramos y 321 metros. <\/li>\n\n\n\n<li>Este hilo es de grosor muy fino, recomendamos usar agujas del 2-2,5 y ganchillo del 2.<\/li>\n\n\n\n<li>Para realizar un jersey de beb\u00e9 de manga larga se necesitan 2 ovillos.<\/li>\n\n\n\n<li>Para la muestra 10&#215;10 cm trabajar 36 puntos y 45 vueltas.<\/li>\n\n\n\n<li>Lavable a m\u00e1quina hasta 30\u00baC. No usar secadora.<\/li>\n<\/ul>\n\n\n\n<figure class=\"wp-block-image size-large\"><img fetchpriority=\"high\" decoding=\"async\" width=\"1024\" height=\"82\" src=\"https:\/\/molalalana.es\/tienda\/wp-content\/uploads\/2022\/04\/Especificaciones-tecnicas-nido-1024x82.jpg\" alt=\"\" class=\"wp-image-9290\" srcset=\"https:\/\/molalalana.es\/tienda\/wp-content\/uploads\/2022\/04\/Especificaciones-tecnicas-nido-1024x82.jpg 1024w, https:\/\/molalalana.es\/tienda\/wp-content\/uploads\/2022\/04\/Especificaciones-tecnicas-nido-150x12.jpg 150w, https:\/\/molalalana.es\/tienda\/wp-content\/uploads\/2022\/04\/Especificaciones-tecnicas-nido-900x72.jpg 900w, https:\/\/molalalana.es\/tienda\/wp-content\/uploads\/2022\/04\/Especificaciones-tecnicas-nido-300x24.jpg 300w, https:\/\/molalalana.es\/tienda\/wp-content\/uploads\/2022\/04\/Especificaciones-tecnicas-nido-768x62.jpg 768w, https:\/\/molalalana.es\/tienda\/wp-content\/uploads\/2022\/04\/Especificaciones-tecnicas-nido-990x80.jpg 990w, https:\/\/molalalana.es\/tienda\/wp-content\/uploads\/2022\/04\/Especificaciones-tecnicas-nido-441x35.jpg 441w, https:\/\/molalalana.es\/tienda\/wp-content\/uploads\/2022\/04\/Especificaciones-tecnicas-nido-800x64.jpg 800w, https:\/\/molalalana.es\/tienda\/wp-content\/uploads\/2022\/04\/Especificaciones-tecnicas-nido.jpg 1193w\" sizes=\"(max-width: 1024px) 100vw, 1024px\" \/><\/figure>\n\n\n\n<h2 class=\"wp-block-heading\">PROYECTOS REALIZADOS<\/h2>\n\n\n\n<figure class=\"wp-block-gallery has-nested-images columns-default is-cropped wp-block-gallery-1 is-layout-flex wp-block-gallery-is-layout-flex\">\n<figure class=\"wp-block-image size-large\"><img decoding=\"async\" width=\"376\" height=\"376\" data-id=\"9288\" src=\"https:\/\/molalalana.es\/tienda\/wp-content\/uploads\/2022\/04\/conjunto-de-jersey-capota-bebe-nido.jpg\" alt=\"\" class=\"wp-image-9288\" srcset=\"https:\/\/molalalana.es\/tienda\/wp-content\/uploads\/2022\/04\/conjunto-de-jersey-capota-bebe-nido.jpg 376w, https:\/\/molalalana.es\/tienda\/wp-content\/uploads\/2022\/04\/conjunto-de-jersey-capota-bebe-nido-300x300.jpg 300w, https:\/\/molalalana.es\/tienda\/wp-content\/uploads\/2022\/04\/conjunto-de-jersey-capota-bebe-nido-150x150.jpg 150w\" sizes=\"(max-width: 376px) 100vw, 376px\" \/><\/figure>\n\n\n\n<figure class=\"wp-block-image size-large\"><img decoding=\"async\" width=\"376\" height=\"376\" data-id=\"9287\" src=\"https:\/\/molalalana.es\/tienda\/wp-content\/uploads\/2022\/04\/pelele-bebe-nido.jpg\" alt=\"\" class=\"wp-image-9287\" srcset=\"https:\/\/molalalana.es\/tienda\/wp-content\/uploads\/2022\/04\/pelele-bebe-nido.jpg 376w, https:\/\/molalalana.es\/tienda\/wp-content\/uploads\/2022\/04\/pelele-bebe-nido-300x300.jpg 300w, https:\/\/molalalana.es\/tienda\/wp-content\/uploads\/2022\/04\/pelele-bebe-nido-150x150.jpg 150w\" sizes=\"(max-width: 376px) 100vw, 376px\" \/><\/figure>\n\n\n\n<figure class=\"wp-block-image size-large\"><img loading=\"lazy\" decoding=\"async\" width=\"376\" height=\"376\" data-id=\"9286\" src=\"https:\/\/molalalana.es\/tienda\/wp-content\/uploads\/2022\/04\/Manta-de-bebe-lana-nido.jpg\" alt=\"\" class=\"wp-image-9286\" srcset=\"https:\/\/molalalana.es\/tienda\/wp-content\/uploads\/2022\/04\/Manta-de-bebe-lana-nido.jpg 376w, https:\/\/molalalana.es\/tienda\/wp-content\/uploads\/2022\/04\/Manta-de-bebe-lana-nido-300x300.jpg 300w, https:\/\/molalalana.es\/tienda\/wp-content\/uploads\/2022\/04\/Manta-de-bebe-lana-nido-150x150.jpg 150w\" sizes=\"(max-width: 376px) 100vw, 376px\" \/><\/figure>\n<\/figure>\n","protected":false},"excerpt":{"rendered":"<p>Lana hipoalerg\u00e9nica final y suave. Con colores pasteles y claros<\/p>\n","protected":false},"featured_media":9285,"comment_status":"open","ping_status":"closed","template":"","meta":[],"product_brand":[],"product_cat":[20],"product_tag":[2092],"class_list":{"0":"post-9573","1":"product","2":"type-product","3":"status-publish","4":"has-post-thumbnail","6":"product_cat-lanas","7":"product_tag-alergia-2","8":"pa_color-000-blanco","9":"pa_color-300-rosa-bebe","10":"pa_color-302-rosa-claro","11":"pa_color-319-maquillaje","12":"pa_color-320-rosa","13":"pa_color-321-salmon-claro","14":"pa_color-402-celeste","15":"pa_color-531-gris-claro","16":"pa_color-532-azul","17":"pa_color-533-verdoso","18":"pa_color-534-melocoton","19":"pa_color-535-lima","20":"pa_color-536-menta","21":"pa_color-537-agua","22":"pa_color-538-jeans","23":"pa_color-539-gris","24":"pa_color-540-beig-oscuro","25":"pa_color-541-crema","26":"pa_color-542-camel","27":"pa_color-543-teja","28":"pa_color-544-rosado-oscuro","29":"pa_color-545-violeta-claro","30":"pa_color-546-gris-azulado","31":"pa_color-700-crudo","32":"pa_color-701-beige-muy-claro","33":"pa_color-711-beig","34":"pa_color-900-amarillo-pollito","35":"pa_composicion-100-acrilico","36":"pa_marca-stop","37":"pa_temporada-otono-invierno","39":"first","40":"instock","41":"taxable","42":"shipping-taxable","43":"purchasable","44":"product-type-variable"},"_links":{"self":[{"href":"https:\/\/molalalana.es\/tienda\/wp-json\/wp\/v2\/product\/9573","targetHints":{"allow":["GET"]}}],"collection":[{"href":"https:\/\/molalalana.es\/tienda\/wp-json\/wp\/v2\/product"}],"about":[{"href":"https:\/\/molalalana.es\/tienda\/wp-json\/wp\/v2\/types\/product"}],"replies":[{"embeddable":true,"href":"https:\/\/molalalana.es\/tienda\/wp-json\/wp\/v2\/comments?post=9573"}],"wp:featuredmedia":[{"embeddable":true,"href":"https:\/\/molalalana.es\/tienda\/wp-json\/wp\/v2\/media\/9285"}],"wp:attachment":[{"href":"https:\/\/molalalana.es\/tienda\/wp-json\/wp\/v2\/media?parent=9573"}],"wp:term":[{"taxonomy":"product_brand","embeddable":true,"href":"https:\/\/molalalana.es\/tienda\/wp-json\/wp\/v2\/product_brand?post=9573"},{"taxonomy":"product_cat","embeddable":true,"href":"https:\/\/molalalana.es\/tienda\/wp-json\/wp\/v2\/product_cat?post=9573"},{"taxonomy":"product_tag","embeddable":true,"href":"https:\/\/molalalana.es\/tienda\/wp-json\/wp\/v2\/product_tag?post=9573"}],"curies":[{"name":"wp","href":"https:\/\/api.w.org\/{rel}","templated":true}]}}